{"id":478,"date":"2024-09-23T21:04:31","date_gmt":"2024-09-23T21:04:31","guid":{"rendered":"https:\/\/oma.skoletjenesten.no\/?page_id=478"},"modified":"2025-01-25T00:54:24","modified_gmt":"2025-01-25T00:54:24","slug":"sok-i-hele-bloggen","status":"publish","type":"page","link":"https:\/\/oma.skoletjenesten.no\/?page_id=478","title":{"rendered":"S\u00f8k &#8230;"},"content":{"rendered":"\n<p>Denne bloggen ligger p\u00e5 tre forskjellige internettadresser. S\u00f8kefunksjonen \u00f8verst til h\u00f8yre s\u00f8ker bare p\u00e5 adressen der den aktuelle bloggutgaven ligger. Klikk nedenfor for \u00e5 s\u00f8ke i alle de tre adressene.<\/p>\n\n\n\n<p class=\"has-text-align-center\"><a href=\"https:\/\/cse.google.com\/cse?cx=f1e35bc1ea42d4334\" target=\"_blank\" rel=\"noopener nofollow\" title=\"\">S\u00f8k i hele bloggen<\/a><\/p>\n","protected":false},"excerpt":{"rendered":"<p>Denne bloggen ligger p\u00e5 tre forskjellige internettadresser. S\u00f8kefunksjonen \u00f8verst til h\u00f8yre s\u00f8ker bare p\u00e5 adressen der den aktuelle bloggutgaven ligger. Klikk nedenfor for \u00e5 s\u00f8ke i alle de tre adressene. S\u00f8k i hele bloggen<\/p>\n","protected":false},"author":1,"featured_media":0,"parent":0,"menu_order":0,"comment_status":"closed","ping_status":"closed","template":"","meta":{"footnotes":""},"class_list":["post-478","page","type-page","status-publish","hentry","entry"],"_links":{"self":[{"href":"https:\/\/oma.skoletjenesten.no\/index.php?rest_route=\/wp\/v2\/pages\/478","targetHints":{"allow":["GET"]}}],"collection":[{"href":"https:\/\/oma.skoletjenesten.no\/index.php?rest_route=\/wp\/v2\/pages"}],"about":[{"href":"https:\/\/oma.skoletjenesten.no\/index.php?rest_route=\/wp\/v2\/types\/page"}],"author":[{"embeddable":true,"href":"https:\/\/oma.skoletjenesten.no\/index.php?rest_route=\/wp\/v2\/users\/1"}],"replies":[{"embeddable":true,"href":"https:\/\/oma.skoletjenesten.no\/index.php?rest_route=%2Fwp%2Fv2%2Fcomments&post=478"}],"version-history":[{"count":4,"href":"https:\/\/oma.skoletjenesten.no\/index.php?rest_route=\/wp\/v2\/pages\/478\/revisions"}],"predecessor-version":[{"id":1326,"href":"https:\/\/oma.skoletjenesten.no\/index.php?rest_route=\/wp\/v2\/pages\/478\/revisions\/1326"}],"wp:attachment":[{"href":"https:\/\/oma.skoletjenesten.no\/index.php?rest_route=%2Fwp%2Fv2%2Fmedia&parent=478"}],"curies":[{"name":"wp","href":"https:\/\/api.w.org\/{rel}","templated":true}]}}