{"id":4482,"date":"2026-03-23T15:01:11","date_gmt":"2026-03-23T15:01:11","guid":{"rendered":"https:\/\/oma.skoletjenesten.no\/?page_id=4482"},"modified":"2026-03-23T15:01:12","modified_gmt":"2026-03-23T15:01:12","slug":"det-er-nok-na","status":"publish","type":"page","link":"https:\/\/oma.skoletjenesten.no\/?page_id=4482","title":{"rendered":"Det er nok, n\u00e5"},"content":{"rendered":"\n<p class=\"has-extra-small-font-size\">Bloggeren skrev om kronprinsesse Mette Marit og Epstein i en <a href=\"https:\/\/oma.skoletjenesten.no\/?p=4074\/#260208\" data-type=\"link\" data-id=\"https:\/\/oma.skoletjenesten.no\/?p=4074\/#260208\" target=\"_blank\" rel=\"noreferrer noopener\">notis 8. februar<\/a>. Aftenpostens politiske redakt\u00f8r Kjetil B. Alstadheim skrev om det samme etter at hun ble intervjuet av NRK sist fredag, og for \u00e9n gangs skyld er bloggeren uenig med Alstadheim. Han skriver bl. a.: \u00abIntervjuet var et n\u00f8dvendig f\u00f8rste skritt for at kronprinsessen kan legge Epstein-historien bak seg.\u00bb Hun la den bak seg i 2012, da hun br\u00f8t forbindelsen med Epstein \u2013 syv \u00e5r f\u00f8r noen av de andre vi vet om.<\/p>\n\n\n\n<p>I kommentarrunden i Nyhetsmorgen i den skattefinansierte radiokanalen NRK etter at intervjuet var publisert, var det Harald Stanghelle som p\u00e5pekte at kronprinsessens brudd med Epstein skjedde s\u00e5 tidlig. Det var ogs\u00e5 Stanghelle som \u2013 i et tidligere program \u2013 p\u00e5pekte at den sentrale personen i det bloggeren har kalt <a href=\"https:\/\/oma.skoletjenesten.no\/?p=4142\/#260218\" data-type=\"link\" data-id=\"https:\/\/oma.skoletjenesten.no\/?p=4142\/#260218\">kokkelimonke-saken<\/a>, ser ut til \u00e5 v\u00e6re Terje R\u00f8d Larsen. Vi f\u00e5r h\u00e5pe at mediene bruker like mye energi p\u00e5 \u00e5 finne ut om ham som de n\u00e5 gj\u00f8r for \u00e5 henge ut (bloggerens tolkning) kronprinsessen.<\/p>\n\n\n\n<p>\u00abMotgang gj\u00f8r sterk\u00bb heter det. Karls\u00f8y-presten Leif Olav Bremer var inne p\u00e5 noe slikt i et intervju (nedenfor) i NRK-programmet <em>Helgemorgen<\/em>. Agnes Ravatn retter blikket mot de d\u00f8mmende \u2013 mobben \u2013 l sin mandagskommentar <em>Det uler i blodt\u00e5keluren<\/em> i Aftenposten.<\/p>\n\n\n\n<div class=\"wp-block-columns is-layout-flex wp-container-core-columns-is-layout-9d6595d7 wp-block-columns-is-layout-flex\">\n<div class=\"wp-block-column is-layout-flow wp-block-column-is-layout-flow\">\n<figure class=\"wp-block-audio\"><audio controls src=\"https:\/\/oma.skoletjenesten.no\/wp-content\/uploads\/2026\/03\/M-M-inrtervju-Bra-for-fremtidig-dfronning_LeifOlavBremer-ArneEgilTonset_260321_NRK-Helgemorgen.mp3\"><\/audio><figcaption class=\"wp-element-caption\">nrk Helgemorgen 22. mars 2026.<\/figcaption><\/figure>\n<\/div>\n\n\n\n<div class=\"wp-block-column is-layout-flow wp-block-column-is-layout-flow\">\n<figure class=\"wp-block-image size-large is-style-twentytwentyone-border\"><a href=\"http:\/\/ttt.skoletjenesten.no\/wp-content\/uploads\/2026\/03\/Blodtaakelur_Aftenposten%2023.%20mars%202026.pdf\" target=\"_blank\" rel=\" noreferrer noopener\"><img loading=\"lazy\" decoding=\"async\" width=\"1024\" height=\"733\" src=\"https:\/\/oma.skoletjenesten.no\/wp-content\/uploads\/2026\/03\/Blodtaakelur_AgmesRavatn_Opera-Bilde_2026-03-23_102013_e-avis.aftenposten.no_-1024x733.png\" alt=\"\" class=\"wp-image-4484\" srcset=\"https:\/\/oma.skoletjenesten.no\/wp-content\/uploads\/2026\/03\/Blodtaakelur_AgmesRavatn_Opera-Bilde_2026-03-23_102013_e-avis.aftenposten.no_-1024x733.png 1024w, https:\/\/oma.skoletjenesten.no\/wp-content\/uploads\/2026\/03\/Blodtaakelur_AgmesRavatn_Opera-Bilde_2026-03-23_102013_e-avis.aftenposten.no_-300x215.png 300w, https:\/\/oma.skoletjenesten.no\/wp-content\/uploads\/2026\/03\/Blodtaakelur_AgmesRavatn_Opera-Bilde_2026-03-23_102013_e-avis.aftenposten.no_-768x549.png 768w, https:\/\/oma.skoletjenesten.no\/wp-content\/uploads\/2026\/03\/Blodtaakelur_AgmesRavatn_Opera-Bilde_2026-03-23_102013_e-avis.aftenposten.no_.png 1040w\" sizes=\"auto, (max-width: 1024px) 100vw, 1024px\" \/><\/a><figcaption class=\"wp-element-caption\">Afteenposten 23. mars 2026. Klikk for \u00e5 lese.<\/figcaption><\/figure>\n<\/div>\n<\/div>\n","protected":false},"excerpt":{"rendered":"<p>Bloggeren skrev om kronprinsesse Mette Marit og Epstein i en notis 8. februar. Aftenpostens politiske redakt\u00f8r Kjetil B. Alstadheim skrev om det samme etter at hun ble intervjuet av NRK sist fredag, og for \u00e9n gangs skyld er bloggeren uenig med Alstadheim. Han skriver bl. a.: \u00abIntervjuet var et n\u00f8dvendig f\u00f8rste skritt for at kronprinsessen&hellip; <a class=\"more-link\" href=\"https:\/\/oma.skoletjenesten.no\/?page_id=4482\">Fortsett \u00e5 lese <span class=\"screen-reader-text\">Det er nok, n\u00e5<\/span><\/a><\/p>\n","protected":false},"author":1,"featured_media":0,"parent":0,"menu_order":0,"comment_status":"closed","ping_status":"closed","template":"","meta":{"footnotes":""},"class_list":["post-4482","page","type-page","status-publish","hentry","entry"],"_links":{"self":[{"href":"https:\/\/oma.skoletjenesten.no\/index.php?rest_route=\/wp\/v2\/pages\/4482","targetHints":{"allow":["GET"]}}],"collection":[{"href":"https:\/\/oma.skoletjenesten.no\/index.php?rest_route=\/wp\/v2\/pages"}],"about":[{"href":"https:\/\/oma.skoletjenesten.no\/index.php?rest_route=\/wp\/v2\/types\/page"}],"author":[{"embeddable":true,"href":"https:\/\/oma.skoletjenesten.no\/index.php?rest_route=\/wp\/v2\/users\/1"}],"replies":[{"embeddable":true,"href":"https:\/\/oma.skoletjenesten.no\/index.php?rest_route=%2Fwp%2Fv2%2Fcomments&post=4482"}],"version-history":[{"count":3,"href":"https:\/\/oma.skoletjenesten.no\/index.php?rest_route=\/wp\/v2\/pages\/4482\/revisions"}],"predecessor-version":[{"id":4490,"href":"https:\/\/oma.skoletjenesten.no\/index.php?rest_route=\/wp\/v2\/pages\/4482\/revisions\/4490"}],"wp:attachment":[{"href":"https:\/\/oma.skoletjenesten.no\/index.php?rest_route=%2Fwp%2Fv2%2Fmedia&parent=4482"}],"curies":[{"name":"wp","href":"https:\/\/api.w.org\/{rel}","templated":true}]}}

Det er nok, nå

<p class="has-extra-small-font-size">Bloggeren skrev om kronprinsesse Mette Marit og Epstein i en <a href="https://oma.skoletjenesten.no/?p=4074/#260208" data-type="link" data-id="https://oma.skoletjenesten.no/?p=4074/#260208" target="_blank" rel="noreferrer noopener">notis 8. februar</a>. Aftenpostens politiske redaktør Kjetil B. Alstadheim skrev om det samme etter at hun ble intervjuet av NRK sist fredag, og for én gangs skyld er bloggeren uenig med Alstadheim. Han skriver bl. a.: «Intervjuet var et nødvendig første skritt for at kronprinsessen kan legge Epstein-historien bak seg.» Hun la den bak seg i 2012, da hun brøt forbindelsen med Epstein – syv år før noen av de andre vi vet om.</p>



<p>I kommentarrunden i Nyhetsmorgen i den skattefinansierte radiokanalen NRK etter at intervjuet var publisert, var det Harald Stanghelle som påpekte at kronprinsessens brudd med Epstein skjedde så tidlig. Det var også Stanghelle som – i et tidligere program – påpekte at den sentrale personen i det bloggeren har kalt <a href="https://oma.skoletjenesten.no/?p=4142/#260218" data-type="link" data-id="https://oma.skoletjenesten.no/?p=4142/#260218">kokkelimonke-saken</a>, ser ut til å være Terje Rød Larsen. Vi får håpe at mediene bruker like mye energi på å finne ut om ham som de nå gjør for å henge ut (bloggerens tolkning) kronprinsessen.</p>



<p>«Motgang gjør sterk» heter det. Karlsøy-presten Leif Olav Bremer var inne på noe slikt i et intervju (nedenfor) i NRK-programmet <em>Helgemorgen</em>. Agnes Ravatn retter blikket mot de dømmende – mobben – l sin mandagskommentar <em>Det uler i blodtåkeluren</em> i Aftenposten.</p>



<div class="wp-block-columns is-layout-flex wp-container-core-columns-is-layout-9d6595d7 wp-block-columns-is-layout-flex">
<div class="wp-block-column is-layout-flow wp-block-column-is-layout-flow">
<figure class="wp-block-audio"><audio controls src="https://oma.skoletjenesten.no/wp-content/uploads/2026/03/M-M-inrtervju-Bra-for-fremtidig-dfronning_LeifOlavBremer-ArneEgilTonset_260321_NRK-Helgemorgen.mp3"></audio><figcaption class="wp-element-caption">nrk Helgemorgen 22. mars 2026.</figcaption></figure>
</div>



<div class="wp-block-column is-layout-flow wp-block-column-is-layout-flow">
<figure class="wp-block-image size-large is-style-twentytwentyone-border"><a href="http://ttt.skoletjenesten.no/wp-content/uploads/2026/03/Blodtaakelur_Aftenposten%2023.%20mars%202026.pdf" target="_blank" rel=" noreferrer noopener"><img loading="lazy" decoding="async" width="1024" height="733" src="https://oma.skoletjenesten.no/wp-content/uploads/2026/03/Blodtaakelur_AgmesRavatn_Opera-Bilde_2026-03-23_102013_e-avis.aftenposten.no_-1024x733.png" alt="" class="wp-image-4484" srcset="https://oma.skoletjenesten.no/wp-content/uploads/2026/03/Blodtaakelur_AgmesRavatn_Opera-Bilde_2026-03-23_102013_e-avis.aftenposten.no_-1024x733.png 1024w, https://oma.skoletjenesten.no/wp-content/uploads/2026/03/Blodtaakelur_AgmesRavatn_Opera-Bilde_2026-03-23_102013_e-avis.aftenposten.no_-300x215.png 300w, https://oma.skoletjenesten.no/wp-content/uploads/2026/03/Blodtaakelur_AgmesRavatn_Opera-Bilde_2026-03-23_102013_e-avis.aftenposten.no_-768x549.png 768w, https://oma.skoletjenesten.no/wp-content/uploads/2026/03/Blodtaakelur_AgmesRavatn_Opera-Bilde_2026-03-23_102013_e-avis.aftenposten.no_.png 1040w" sizes="auto, (max-width: 1024px) 100vw, 1024px" /></a><figcaption class="wp-element-caption">Afteenposten 23. mars 2026. Klikk for å lese.</figcaption></figure>
</div>
</div>

<p>Bloggeren skrev om kronprinsesse Mette Marit og Epstein i en notis 8. februar. Aftenpostens politiske redaktør Kjetil B. Alstadheim skrev om det samme etter at hun ble intervjuet av NRK sist fredag, og for én gangs skyld er bloggeren uenig med Alstadheim. Han skriver bl. a.: «Intervjuet var et nødvendig første skritt for at kronprinsessen&hellip; <a class="more-link" href="https://oma.skoletjenesten.no/?page_id=4482">Fortsett å lese <span class="screen-reader-text">Det er nok, nå</span></a></p>
