{"id":4265,"date":"2026-03-03T16:01:39","date_gmt":"2026-03-03T16:01:39","guid":{"rendered":"https:\/\/oma.skoletjenesten.no\/?page_id=4265"},"modified":"2026-03-06T14:46:13","modified_gmt":"2026-03-06T14:46:13","slug":"4265-2","status":"publish","type":"page","link":"https:\/\/oma.skoletjenesten.no\/?page_id=4265","title":{"rendered":"Erik Bye"},"content":{"rendered":"\n<p class=\"has-extra-small-font-size\">S\u00f8ndag deltok bloggeren i feiringen av en hundre\u00e5rsdag. Det var hundre \u00e5r siden Erik Bye ble f\u00f8dt, og begivenheten ble markert med et tre timer langt program i Oslo konserthus. Man kunne godt kalle det et sceneshow, det var i hvert fall i hvert fall godt!<\/p>\n\n\n\n<p>Dette var bloggerens andre hundre\u00e5rsfeiring i Konserthuset (forrige gang var <a href=\"https:\/\/ttt.skoletjenesten.no\/orkestermusikk-i-100-ar\" data-type=\"link\" data-id=\"https:\/\/ttt.skoletjenesten.no\/orkestermusikk-i-100-ar\" target=\"_blank\" rel=\"noreferrer noopener\">Oslo-filharmoniens 100-\u00e5rsdag i 2019<\/a>). Denne gangen fikk vi v\u00e6re med p\u00e5 en musikalsk reise gjennom Erik Byes liv. Programmet ble ledet av Hakon Wester og Marianne Bye Granheim. Sistnevnte er barnebarn av Erik Bye, og begge bidro med sang etter hvert som de ledet oss gjennom programmet.<\/p>\n\n\n\n<p>Det var ogs\u00e5 andre bidragsytere. To medlemmer av Demenskoret, Marianne Bye Granheims s\u00f8ster, Henning Sommerro og V\u00e5lerenga Mannskor \u2013 med koret ble antallet opptredende omtrent like mange som da Oslofilharmonien satt p\u00e5 scenen ved sin hundre\u00e5rsfeiring.<\/p>\n\n\n\n<p>Erik Bye var en ruvende skikkelse, b\u00e5de fysisk og i overf\u00f8rt betydning, og han var forfatter. Bloggeren har i sitt bibliotek <em>Munnspill under \u00e5pen himmel<\/em>, og husker s\u00e6rlig <a href=\"https:\/\/www.nb.no\/items\/f1a4d9652169e7ebe2eb011da1ce7a91?page=109\" data-type=\"link\" data-id=\"https:\/\/www.nb.no\/items\/f1a4d9652169e7ebe2eb011da1ce7a91?page=109\" target=\"_blank\" rel=\"noreferrer noopener\">historien om Ben i kapittelet Frokostlande<\/a>t. De fleste husker kanskje Erik Bye fra det lisensfinansierte NRK-fjernsynet, der han i et program om Evert Taube brukte b\u00e5ten sin, PR\u00d8VEN, som rytmeinstrument. I en programserie fra Afrika bes\u00f8kte han Ghana-landsbyen Ngelekazo i et program som stadig t\u00e5ler gjensyn.<\/p>\n\n\n\n<div class=\"wp-block-columns is-layout-flex wp-container-core-columns-is-layout-9d6595d7 wp-block-columns-is-layout-flex\">\n<div class=\"wp-block-column is-layout-flow wp-block-column-is-layout-flow\">\n<figure class=\"wp-block-video\"><video height=\"1050\" style=\"aspect-ratio: 1680 \/ 1050;\" width=\"1680\" controls src=\"https:\/\/oma.skoletjenesten.no\/wp-content\/uploads\/2026\/03\/Saa-lenge-skuta-kan-gaa_Dekksmusikk_ErikBye-WillyAndresen.mp4\"><\/video><figcaption class=\"wp-element-caption\">S\u00e5 lenge skua kan g\u00e5.<\/figcaption><\/figure>\n<\/div>\n\n\n\n<div class=\"wp-block-column is-layout-flow wp-block-column-is-layout-flow\">\n<figure class=\"wp-block-video\"><video controls src=\"http:\/\/ttt.skoletjenesten.no\/wp-content\/uploads\/2025\/03\/Ngelekazo_ErikBye-1966.mp4\"><\/video><figcaption class=\"wp-element-caption\">Ngelekazo.<\/figcaption><\/figure>\n<\/div>\n<\/div>\n\n\n\n<p><\/p>\n","protected":false},"excerpt":{"rendered":"<p>S\u00f8ndag deltok bloggeren i feiringen av en hundre\u00e5rsdag. Det var hundre \u00e5r siden Erik Bye ble f\u00f8dt, og begivenheten ble markert med et tre timer langt program i Oslo konserthus. Man kunne godt kalle det et sceneshow, det var i hvert fall i hvert fall godt! Dette var bloggerens andre hundre\u00e5rsfeiring i Konserthuset (forrige gang&hellip; <a class=\"more-link\" href=\"https:\/\/oma.skoletjenesten.no\/?page_id=4265\">Fortsett \u00e5 lese <span class=\"screen-reader-text\">Erik Bye<\/span><\/a><\/p>\n","protected":false},"author":1,"featured_media":0,"parent":0,"menu_order":0,"comment_status":"closed","ping_status":"closed","template":"","meta":{"footnotes":""},"class_list":["post-4265","page","type-page","status-publish","hentry","entry"],"_links":{"self":[{"href":"https:\/\/oma.skoletjenesten.no\/index.php?rest_route=\/wp\/v2\/pages\/4265","targetHints":{"allow":["GET"]}}],"collection":[{"href":"https:\/\/oma.skoletjenesten.no\/index.php?rest_route=\/wp\/v2\/pages"}],"about":[{"href":"https:\/\/oma.skoletjenesten.no\/index.php?rest_route=\/wp\/v2\/types\/page"}],"author":[{"embeddable":true,"href":"https:\/\/oma.skoletjenesten.no\/index.php?rest_route=\/wp\/v2\/users\/1"}],"replies":[{"embeddable":true,"href":"https:\/\/oma.skoletjenesten.no\/index.php?rest_route=%2Fwp%2Fv2%2Fcomments&post=4265"}],"version-history":[{"count":6,"href":"https:\/\/oma.skoletjenesten.no\/index.php?rest_route=\/wp\/v2\/pages\/4265\/revisions"}],"predecessor-version":[{"id":4314,"href":"https:\/\/oma.skoletjenesten.no\/index.php?rest_route=\/wp\/v2\/pages\/4265\/revisions\/4314"}],"wp:attachment":[{"href":"https:\/\/oma.skoletjenesten.no\/index.php?rest_route=%2Fwp%2Fv2%2Fmedia&parent=4265"}],"curies":[{"name":"wp","href":"https:\/\/api.w.org\/{rel}","templated":true}]}}

<p class="has-extra-small-font-size">Søndag deltok bloggeren i feiringen av en hundreårsdag. Det var hundre år siden Erik Bye ble født, og begivenheten ble markert med et tre timer langt program i Oslo konserthus. Man kunne godt kalle det et sceneshow, det var i hvert fall i hvert fall godt!</p>



<p>Dette var bloggerens andre hundreårsfeiring i Konserthuset (forrige gang var <a href="https://ttt.skoletjenesten.no/orkestermusikk-i-100-ar" data-type="link" data-id="https://ttt.skoletjenesten.no/orkestermusikk-i-100-ar" target="_blank" rel="noreferrer noopener">Oslo-filharmoniens 100-årsdag i 2019</a>). Denne gangen fikk vi være med på en musikalsk reise gjennom Erik Byes liv. Programmet ble ledet av Hakon Wester og Marianne Bye Granheim. Sistnevnte er barnebarn av Erik Bye, og begge bidro med sang etter hvert som de ledet oss gjennom programmet.</p>



<p>Det var også andre bidragsytere. To medlemmer av Demenskoret, Marianne Bye Granheims søster, Henning Sommerro og Vålerenga Mannskor – med koret ble antallet opptredende omtrent like mange som da Oslofilharmonien satt på scenen ved sin hundreårsfeiring.</p>



<p>Erik Bye var en ruvende skikkelse, både fysisk og i overført betydning, og han var forfatter. Bloggeren har i sitt bibliotek <em>Munnspill under åpen himmel</em>, og husker særlig <a href="https://www.nb.no/items/f1a4d9652169e7ebe2eb011da1ce7a91?page=109" data-type="link" data-id="https://www.nb.no/items/f1a4d9652169e7ebe2eb011da1ce7a91?page=109" target="_blank" rel="noreferrer noopener">historien om Ben i kapittelet Frokostlande</a>t. De fleste husker kanskje Erik Bye fra det lisensfinansierte NRK-fjernsynet, der han i et program om Evert Taube brukte båten sin, PRØVEN, som rytmeinstrument. I en programserie fra Afrika besøkte han Ghana-landsbyen Ngelekazo i et program som stadig tåler gjensyn.</p>



<div class="wp-block-columns is-layout-flex wp-container-core-columns-is-layout-9d6595d7 wp-block-columns-is-layout-flex">
<div class="wp-block-column is-layout-flow wp-block-column-is-layout-flow">
<figure class="wp-block-video"><video height="1050" style="aspect-ratio: 1680 / 1050;" width="1680" controls src="https://oma.skoletjenesten.no/wp-content/uploads/2026/03/Saa-lenge-skuta-kan-gaa_Dekksmusikk_ErikBye-WillyAndresen.mp4"></video><figcaption class="wp-element-caption">Så lenge skua kan gå.</figcaption></figure>
</div>



<div class="wp-block-column is-layout-flow wp-block-column-is-layout-flow">
<figure class="wp-block-video"><video controls src="http://ttt.skoletjenesten.no/wp-content/uploads/2025/03/Ngelekazo_ErikBye-1966.mp4"></video><figcaption class="wp-element-caption">Ngelekazo.</figcaption></figure>
</div>
</div>



<p></p>

<p>Søndag deltok bloggeren i feiringen av en hundreårsdag. Det var hundre år siden Erik Bye ble født, og begivenheten ble markert med et tre timer langt program i Oslo konserthus. Man kunne godt kalle det et sceneshow, det var i hvert fall i hvert fall godt! Dette var bloggerens andre hundreårsfeiring i Konserthuset (forrige gang&hellip; <a class="more-link" href="https://oma.skoletjenesten.no/?page_id=4265">Fortsett å lese <span class="screen-reader-text">Erik Bye</span></a></p>
