{"id":4140,"date":"2026-02-14T16:28:52","date_gmt":"2026-02-14T16:28:52","guid":{"rendered":"https:\/\/oma.skoletjenesten.no\/?page_id=4140"},"modified":"2026-02-14T16:28:52","modified_gmt":"2026-02-14T16:28:52","slug":"munchen","status":"publish","type":"page","link":"https:\/\/oma.skoletjenesten.no\/?page_id=4140","title":{"rendered":"M\u00fcnchen"},"content":{"rendered":"\n<p class=\"has-extra-small-font-size\">Denne uken foreg\u00e5r den \u00e5rlige sikkerhetskonferansen i M\u00fcnchen. Det har skjedd ting tidligere i M\u00fcnchen \u2013 i 1938, 1972 og 2007 \u2013 og sikkerhetskonferansen har en viss tilknytning til norsk politikk<\/p>\n\n\n\n<p>\u00abFred i v\u00e5r tid,\u00bb sa britenes statsminister <a href=\"https:\/\/ttt.skoletjenesten.no\/tre-historiske-begivenheter\/#1938\" data-type=\"link\" data-id=\"https:\/\/ttt.skoletjenesten.no\/tre-historiske-begivenheter\/#1938\" target=\"_blank\" rel=\"noreferrer noopener\">Neville Chamberlain<\/a> i 1938 og viftet med avtalen Hitler hadde signert. 11 m\u00e5neder senere var verdenskrigen i gang.<\/p>\n\n\n\n<p>Dette er en OL-fri sone, men sommerlekene i M\u00fcnchen i 1972 m\u00e5 nevnes. Den palestinske gruppen <a href=\"https:\/\/ttt.skoletjenesten.no\/frigjoring-av-palestina\/\" data-type=\"link\" data-id=\"https:\/\/ttt.skoletjenesten.no\/frigjoring-av-palestina\/\" target=\"_blank\" rel=\"noreferrer noopener\">Svart september<\/a> tok israelske OL-deltakere som gisler, og det endte i blodbad. Men OL fortsatte.<\/p>\n\n\n\n<p>I 2007 holdt Vladimir Putin \u2013 ogs\u00e5 kjent som Vladolf Putler \u2013 tale p\u00e5 sikkerhetskonferansen; det var f\u00f8rste gang Russland deltok der. Wikipedia skriver om Putins\/Putlers innlegg:<br>\u00ab<em>Putins tale p\u00e5 den 43. sikkerhetskonferansen i M\u00fcnchen i 2007 ble holdt 10. februar 2007 etter invitasjon fra M\u00fcnchen-konferansens leder Horst Teltschik. Det var den f\u00f8rste talen av et russisk statsoverhode p\u00e5 M\u00fcnchen-konferansen. Hovedtemaene i talen hans var kritikk av den unipolare verdensorden og av OSSEs rolle, NATOs ekspansjon \u00f8stover, nedrustning og det iranske atomprogrammet. President Vladimir Putins tale ble sett p\u00e5 som Russlands budskap til Vesten om at det ikke ville akseptere en underordnet rolle i internasjonale anliggender. Talen varslet en betydelig endring i russisk utenrikspolitikk og signaliserte en mer selvsikker og uavhengig holdning p\u00e5 den internasjonale scenen. Putin gjorde det klart at Russland var klar til \u00e5 ta en mer aktiv rolle i \u00e5 utforme den globale orden.<\/em>\u00bb (Google-oversatt innledning \u2013 les <a href=\"https:\/\/en.wikipedia.org\/wiki\/2007_Munich_speech_of_Vladimir_Putin\" target=\"_blank\" rel=\"noreferrer noopener\">hele Wikipedia-artikkelen<\/a>)<\/p>\n\n\n\n<p>Tilknytningen til norsk politikk? Finansminister Jens Stoltenberg \u2013 ogs\u00e5 kjent som Sankt Je(n)sus \u2013 er egentlig ansatt som leder for sikkerhetskonferansen i Munchen. Men da han ble finansminister, fikk han <a href=\"https:\/\/www.forsvaretsforum.no\/jens-stoltenberg-sikkerhetspolitikk-tyskland\/holder-toppjobb-pa-vent-for-stoltenberg\/461869\" data-type=\"link\" data-id=\"https:\/\/www.forsvaretsforum.no\/jens-stoltenberg-sikkerhetspolitikk-tyskland\/holder-toppjobb-pa-vent-for-stoltenberg\/461869\" target=\"_blank\" rel=\"noreferrer noopener\">utsatt tiltredelsen<\/a> som konferanseleder p\u00e5 ubestemt tid. De norske opposisjonspartiene vil nok hjelpe sikkerhetskonferansen med \u00e5 korte ned ventetiden.<\/p>\n\n\n\n<p><\/p>\n","protected":false},"excerpt":{"rendered":"<p>Denne uken foreg\u00e5r den \u00e5rlige sikkerhetskonferansen i M\u00fcnchen. Det har skjedd ting tidligere i M\u00fcnchen \u2013 i 1938, 1972 og 2007 \u2013 og sikkerhetskonferansen har en viss tilknytning til norsk politikk \u00abFred i v\u00e5r tid,\u00bb sa britenes statsminister Neville Chamberlain i 1938 og viftet med avtalen Hitler hadde signert. 11 m\u00e5neder senere var verdenskrigen i&hellip; <a class=\"more-link\" href=\"https:\/\/oma.skoletjenesten.no\/?page_id=4140\">Fortsett \u00e5 lese <span class=\"screen-reader-text\">M\u00fcnchen<\/span><\/a><\/p>\n","protected":false},"author":1,"featured_media":0,"parent":0,"menu_order":0,"comment_status":"closed","ping_status":"closed","template":"","meta":{"footnotes":""},"class_list":["post-4140","page","type-page","status-publish","hentry","entry"],"_links":{"self":[{"href":"https:\/\/oma.skoletjenesten.no\/index.php?rest_route=\/wp\/v2\/pages\/4140","targetHints":{"allow":["GET"]}}],"collection":[{"href":"https:\/\/oma.skoletjenesten.no\/index.php?rest_route=\/wp\/v2\/pages"}],"about":[{"href":"https:\/\/oma.skoletjenesten.no\/index.php?rest_route=\/wp\/v2\/types\/page"}],"author":[{"embeddable":true,"href":"https:\/\/oma.skoletjenesten.no\/index.php?rest_route=\/wp\/v2\/users\/1"}],"replies":[{"embeddable":true,"href":"https:\/\/oma.skoletjenesten.no\/index.php?rest_route=%2Fwp%2Fv2%2Fcomments&post=4140"}],"version-history":[{"count":1,"href":"https:\/\/oma.skoletjenesten.no\/index.php?rest_route=\/wp\/v2\/pages\/4140\/revisions"}],"predecessor-version":[{"id":4141,"href":"https:\/\/oma.skoletjenesten.no\/index.php?rest_route=\/wp\/v2\/pages\/4140\/revisions\/4141"}],"wp:attachment":[{"href":"https:\/\/oma.skoletjenesten.no\/index.php?rest_route=%2Fwp%2Fv2%2Fmedia&parent=4140"}],"curies":[{"name":"wp","href":"https:\/\/api.w.org\/{rel}","templated":true}]}}

München

<p class="has-extra-small-font-size">Denne uken foregår den årlige sikkerhetskonferansen i München. Det har skjedd ting tidligere i München – i 1938, 1972 og 2007 – og sikkerhetskonferansen har en viss tilknytning til norsk politikk</p>



<p>«Fred i vår tid,» sa britenes statsminister <a href="https://ttt.skoletjenesten.no/tre-historiske-begivenheter/#1938" data-type="link" data-id="https://ttt.skoletjenesten.no/tre-historiske-begivenheter/#1938" target="_blank" rel="noreferrer noopener">Neville Chamberlain</a> i 1938 og viftet med avtalen Hitler hadde signert. 11 måneder senere var verdenskrigen i gang.</p>



<p>Dette er en OL-fri sone, men sommerlekene i München i 1972 må nevnes. Den palestinske gruppen <a href="https://ttt.skoletjenesten.no/frigjoring-av-palestina/" data-type="link" data-id="https://ttt.skoletjenesten.no/frigjoring-av-palestina/" target="_blank" rel="noreferrer noopener">Svart september</a> tok israelske OL-deltakere som gisler, og det endte i blodbad. Men OL fortsatte.</p>



<p>I 2007 holdt Vladimir Putin – også kjent som Vladolf Putler – tale på sikkerhetskonferansen; det var første gang Russland deltok der. Wikipedia skriver om Putins/Putlers innlegg:<br>«<em>Putins tale på den 43. sikkerhetskonferansen i München i 2007 ble holdt 10. februar 2007 etter invitasjon fra München-konferansens leder Horst Teltschik. Det var den første talen av et russisk statsoverhode på München-konferansen. Hovedtemaene i talen hans var kritikk av den unipolare verdensorden og av OSSEs rolle, NATOs ekspansjon østover, nedrustning og det iranske atomprogrammet. President Vladimir Putins tale ble sett på som Russlands budskap til Vesten om at det ikke ville akseptere en underordnet rolle i internasjonale anliggender. Talen varslet en betydelig endring i russisk utenrikspolitikk og signaliserte en mer selvsikker og uavhengig holdning på den internasjonale scenen. Putin gjorde det klart at Russland var klar til å ta en mer aktiv rolle i å utforme den globale orden.</em>» (Google-oversatt innledning – les <a href="https://en.wikipedia.org/wiki/2007_Munich_speech_of_Vladimir_Putin" target="_blank" rel="noreferrer noopener">hele Wikipedia-artikkelen</a>)</p>



<p>Tilknytningen til norsk politikk? Finansminister Jens Stoltenberg – også kjent som Sankt Je(n)sus – er egentlig ansatt som leder for sikkerhetskonferansen i Munchen. Men da han ble finansminister, fikk han <a href="https://www.forsvaretsforum.no/jens-stoltenberg-sikkerhetspolitikk-tyskland/holder-toppjobb-pa-vent-for-stoltenberg/461869" data-type="link" data-id="https://www.forsvaretsforum.no/jens-stoltenberg-sikkerhetspolitikk-tyskland/holder-toppjobb-pa-vent-for-stoltenberg/461869" target="_blank" rel="noreferrer noopener">utsatt tiltredelsen</a> som konferanseleder på ubestemt tid. De norske opposisjonspartiene vil nok hjelpe sikkerhetskonferansen med å korte ned ventetiden.</p>



<p></p>

<p>Denne uken foregår den årlige sikkerhetskonferansen i München. Det har skjedd ting tidligere i München – i 1938, 1972 og 2007 – og sikkerhetskonferansen har en viss tilknytning til norsk politikk «Fred i vår tid,» sa britenes statsminister Neville Chamberlain i 1938 og viftet med avtalen Hitler hadde signert. 11 måneder senere var verdenskrigen i&hellip; <a class="more-link" href="https://oma.skoletjenesten.no/?page_id=4140">Fortsett å lese <span class="screen-reader-text">München</span></a></p>
