{"id":4083,"date":"2026-02-08T16:38:53","date_gmt":"2026-02-08T16:38:53","guid":{"rendered":"https:\/\/oma.skoletjenesten.no\/?page_id=4083"},"modified":"2026-02-13T13:57:29","modified_gmt":"2026-02-13T13:57:29","slug":"medietrykk","status":"publish","type":"page","link":"https:\/\/oma.skoletjenesten.no\/?page_id=4083","title":{"rendered":"Medietrykk"},"content":{"rendered":"\n<p class=\"has-extra-small-font-size\">N\u00e5r medlemmer av den norske kongefamilien er avbildet p\u00e5 i\u00f8ynefallende plass i en israelsk avis, kan man gj\u00f8re seg noen tanker. Kronprinsesse Mette Marit har gjort mye god kronprinsessegjerning gjennom \u00e5rene, men blir n\u00e5 konfrontert med ting som skjedde for mer enn ti \u00e5r siden, og som hun selv har beklaget. Thorbj\u00f8rn Jagland er utsatt for det samme, men det er forskjell p\u00e5 de to. Jagland har hatt sentrale politiske verv som han selv har s\u00f8kt. Kronprinsessen har f\u00e5tt innflytelse bli ved \u00e5 bli gift med kronprinsen.<\/p>\n\n\n<div class=\"wp-block-image\">\n<figure class=\"alignright size-full\"><a href=\"http:\/\/ttt.skoletjenesten.no\/wp-content\/uploads\/2025\/02\/MetteMaritforsvar_Aftenposten%205.%20februar%202026.pdf\" target=\"_blank\" rel=\" noreferrer noopener\"><img loading=\"lazy\" decoding=\"async\" width=\"507\" height=\"732\" src=\"https:\/\/oma.skoletjenesten.no\/wp-content\/uploads\/2026\/02\/MetteMaritforsvar_OK_Opera-Bilde_2026-02-07_171829_e-avis.aftenposten.no_.jpg\" alt=\"\" class=\"wp-image-4084\" srcset=\"https:\/\/oma.skoletjenesten.no\/wp-content\/uploads\/2026\/02\/MetteMaritforsvar_OK_Opera-Bilde_2026-02-07_171829_e-avis.aftenposten.no_.jpg 507w, https:\/\/oma.skoletjenesten.no\/wp-content\/uploads\/2026\/02\/MetteMaritforsvar_OK_Opera-Bilde_2026-02-07_171829_e-avis.aftenposten.no_-208x300.jpg 208w\" sizes=\"auto, (max-width: 507px) 100vw, 507px\" \/><\/a><figcaption class=\"wp-element-caption\">Aftenposten 5. februar 2026. Klikk for \u00e5 lese.<\/figcaption><\/figure>\n<\/div>\n\n\n<p>Heldigvis er det noen som tar til motm\u00e6le mot det negative medietrykket. Matthias Hauges innlegg <em>Et forsvar for Mette-Marit<\/em> (klippet ved siden av) sto i Aftenposten torsdag.<\/p>\n\n\n\n<p>Arveprinsesse Ingrid Alexandra har ogs\u00e5 hevet sin r\u00f8st p\u00e5 Instagram, og blir kritisert for det. Ad finurlige veier har jeg funnet <a href=\"http:\/\/ttt.skoletjenesten.no\/wp-content\/uploads\/2025\/02\/Inst-IA.pdf\" data-type=\"link\" data-id=\"http:\/\/ttt.skoletjenesten.no\/wp-content\/uploads\/2025\/02\/Inst-IA.pdf\" target=\"_blank\" rel=\"noreferrer noopener\">innlegget<\/a> (jeg har ikke instagram-konto), og har lest det. Spr\u00e5klig kunne det nok ha v\u00e6rt bedre, men innholdet blir forh\u00e5pentligvis lest og forst\u00e5tt av de som st\u00e5r bak det voldsomme medietrykket mot kongefamilien.<\/p>\n\n\n\n<p>Aftenposten skrev om de frigitte Epstein-dokumentene allerede 20. november i fjor i forbindelse med at USA-kongressen hadde vedtatt at dokumentene skulle frigis. Artig \u00e5 lese det n\u00e5<\/p>\n\n\n\n<figure class=\"wp-block-image size-large is-style-twentytwentyone-border\"><a href=\"http:\/\/ttt.skoletjenesten.no\/wp-content\/uploads\/2025\/02\/Epstein_Aftenposten%2020.%20november%202025.pdf\" target=\"_blank\" rel=\" noreferrer noopener\"><img loading=\"lazy\" decoding=\"async\" width=\"1024\" height=\"717\" src=\"https:\/\/oma.skoletjenesten.no\/wp-content\/uploads\/2026\/02\/Epstein_Opera-Bilde_2026-02-08_160123_e-avis.aftenposten.no_-1024x717.png\" alt=\"\" class=\"wp-image-4086\" srcset=\"https:\/\/oma.skoletjenesten.no\/wp-content\/uploads\/2026\/02\/Epstein_Opera-Bilde_2026-02-08_160123_e-avis.aftenposten.no_-1024x717.png 1024w, https:\/\/oma.skoletjenesten.no\/wp-content\/uploads\/2026\/02\/Epstein_Opera-Bilde_2026-02-08_160123_e-avis.aftenposten.no_-300x210.png 300w, https:\/\/oma.skoletjenesten.no\/wp-content\/uploads\/2026\/02\/Epstein_Opera-Bilde_2026-02-08_160123_e-avis.aftenposten.no_-768x538.png 768w, https:\/\/oma.skoletjenesten.no\/wp-content\/uploads\/2026\/02\/Epstein_Opera-Bilde_2026-02-08_160123_e-avis.aftenposten.no_.png 1033w\" sizes=\"auto, (max-width: 1024px) 100vw, 1024px\" \/><\/a><figcaption class=\"wp-element-caption\">Aftenposten 20. november 2025. Klikk for \u00e5 lese.<\/figcaption><\/figure>\n","protected":false},"excerpt":{"rendered":"<p>N\u00e5r medlemmer av den norske kongefamilien er avbildet p\u00e5 i\u00f8ynefallende plass i en israelsk avis, kan man gj\u00f8re seg noen tanker. Kronprinsesse Mette Marit har gjort mye god kronprinsessegjerning gjennom \u00e5rene, men blir n\u00e5 konfrontert med ting som skjedde for mer enn ti \u00e5r siden, og som hun selv har beklaget. Thorbj\u00f8rn Jagland er utsatt&hellip; <a class=\"more-link\" href=\"https:\/\/oma.skoletjenesten.no\/?page_id=4083\">Fortsett \u00e5 lese <span class=\"screen-reader-text\">Medietrykk<\/span><\/a><\/p>\n","protected":false},"author":1,"featured_media":0,"parent":0,"menu_order":0,"comment_status":"closed","ping_status":"closed","template":"","meta":{"footnotes":""},"class_list":["post-4083","page","type-page","status-publish","hentry","entry"],"_links":{"self":[{"href":"https:\/\/oma.skoletjenesten.no\/index.php?rest_route=\/wp\/v2\/pages\/4083","targetHints":{"allow":["GET"]}}],"collection":[{"href":"https:\/\/oma.skoletjenesten.no\/index.php?rest_route=\/wp\/v2\/pages"}],"about":[{"href":"https:\/\/oma.skoletjenesten.no\/index.php?rest_route=\/wp\/v2\/types\/page"}],"author":[{"embeddable":true,"href":"https:\/\/oma.skoletjenesten.no\/index.php?rest_route=\/wp\/v2\/users\/1"}],"replies":[{"embeddable":true,"href":"https:\/\/oma.skoletjenesten.no\/index.php?rest_route=%2Fwp%2Fv2%2Fcomments&post=4083"}],"version-history":[{"count":5,"href":"https:\/\/oma.skoletjenesten.no\/index.php?rest_route=\/wp\/v2\/pages\/4083\/revisions"}],"predecessor-version":[{"id":4131,"href":"https:\/\/oma.skoletjenesten.no\/index.php?rest_route=\/wp\/v2\/pages\/4083\/revisions\/4131"}],"wp:attachment":[{"href":"https:\/\/oma.skoletjenesten.no\/index.php?rest_route=%2Fwp%2Fv2%2Fmedia&parent=4083"}],"curies":[{"name":"wp","href":"https:\/\/api.w.org\/{rel}","templated":true}]}}