{"id":3824,"date":"2026-01-15T13:30:35","date_gmt":"2026-01-15T13:30:35","guid":{"rendered":"https:\/\/oma.skoletjenesten.no\/?page_id=3824"},"modified":"2026-01-16T14:18:52","modified_gmt":"2026-01-16T14:18:52","slug":"alliert-strid","status":"publish","type":"page","link":"https:\/\/oma.skoletjenesten.no\/?page_id=3824","title":{"rendered":"Alliert strid"},"content":{"rendered":"\n<p class=\"has-extra-small-font-size\">N\u00e5r Sambandsstatene med president Donald i spissen er i tottene p\u00e5 Danmark om Gr\u00f8nland, et det ikke f\u00f8rste gang NATO-land er i strid. Dette til tross for artikkel 1 i NATO-pakten. Tyrkia og Hellas ble NATO-medlemmer i 1952. Det skjedde til tross for langvarig fiendskap mellom landene, og det har ikke v\u00e6rt helt fredelig senere heller. Og p\u00e5 1990-tallet trodde bloggeren at Norge kunne v\u00e6re angrepet av Danmark.<\/p>\n\n\n\n<p>Hellas ble selvstendig i 1830 etter et oppr\u00f8r mot Det osmanske riket. Etter nederlag i 1. verdenskrig, der Det osmanske riket var alliert med Tyskland, ble den tyrkiske delen av riket til landet Tyrkia i 1923.<\/p>\n\n\n<div class=\"wp-block-image is-style-twentytwentyone-border\">\n<figure class=\"alignright size-large\"><a href=\"https:\/\/oma.skoletjenesten.no\/wp-content\/uploads\/2026\/01\/30_Kypros_OK_Opera-Bilde_2026-01-15_111853_www.google.no_-1.jpg\" target=\"_blank\" rel=\" noreferrer noopener\"><img loading=\"lazy\" decoding=\"async\" width=\"1024\" height=\"639\" src=\"https:\/\/oma.skoletjenesten.no\/wp-content\/uploads\/2026\/01\/30_Kypros_OK_Opera-Bilde_2026-01-15_111853_www.google.no_-1-1024x639.jpg\" alt=\"\" class=\"wp-image-3830\" srcset=\"https:\/\/oma.skoletjenesten.no\/wp-content\/uploads\/2026\/01\/30_Kypros_OK_Opera-Bilde_2026-01-15_111853_www.google.no_-1-1024x639.jpg 1024w, https:\/\/oma.skoletjenesten.no\/wp-content\/uploads\/2026\/01\/30_Kypros_OK_Opera-Bilde_2026-01-15_111853_www.google.no_-1-300x187.jpg 300w, https:\/\/oma.skoletjenesten.no\/wp-content\/uploads\/2026\/01\/30_Kypros_OK_Opera-Bilde_2026-01-15_111853_www.google.no_-1-768x480.jpg 768w, https:\/\/oma.skoletjenesten.no\/wp-content\/uploads\/2026\/01\/30_Kypros_OK_Opera-Bilde_2026-01-15_111853_www.google.no_-1.jpg 1206w\" sizes=\"auto, (max-width: 1024px) 100vw, 1024px\" \/><\/a><figcaption class=\"wp-element-caption\">Klikk for st\u00f8rre kart.<\/figcaption><\/figure>\n<\/div>\n\n\n<p>\u00d8ya Kypros, som var befolket av b\u00e5de tyrkere og grekere, ble selvstendig stat i 1960. I 1974 invaderte Tyrkia \u00f8ya. Resultatet ble etter hvert <em>Den tyrkiske republikken Nord-Kypro<\/em>s, en stat som bare er anerkjent av Tyrkia.<\/p>\n\n\n\n<p>Flere detaljer om Tyrkia og Hellas gjennom historien st\u00e5r i en <a href=\"https:\/\/www.aftenposten.no\/historie\/i\/4o0Qna\/100-aar-med-vanskelig-naboskap-mellom-hellas-og-tyrkia\" data-type=\"link\" data-id=\"https:\/\/www.aftenposten.no\/historie\/i\/4o0Qna\/100-aar-med-vanskelig-naboskap-mellom-hellas-og-tyrkia\" target=\"_blank\" rel=\"noreferrer noopener\">Aftenposten-artikkel av Jan-Erik Smilden<\/a>.<\/p>\n\n\n<div class=\"wp-block-image is-style-twentytwentyone-border\">\n<figure class=\"alignright size-large\"><a href=\"http:\/\/ttt.skoletjenesten.no\/wp-content\/uploads\/2019\/03\/Dansk-grunnlovsdag_Danmark_Sandvika_Baerum.jpg\" target=\"_blank\" rel=\" noreferrer noopener\"><img decoding=\"async\" src=\"http:\/\/ttt.skoletjenesten.no\/wp-content\/uploads\/2019\/03\/Dansk-grunnlovsdag_Danmark_Sandvika_Baerum.jpg\" alt=\"\"\/><\/a><figcaption class=\"wp-element-caption\">Dansk feiring uten orlogsflagg. <\/figcaption><\/figure>\n<\/div>\n\n\n<p>Mens NATOs nordkommando l\u00e5 p\u00e5 Kols\u00e5s i B\u00e6rum, ble Danmarks nasjonaldag feiret p\u00e5 holmen Danmark i Sandviksbukta \u2013 i regi av den danske kontingenten ved nordkommandoen. Ved en av disse feiringene observerte bloggeren at transporten fra Kadettangen til Danmark foregikk med en b\u00e5t med dansk orlogsflagg. Kunne det v\u00e6re et angrep sj\u00f8veien? Etter \u00ab<a href=\"https:\/\/ttt.skoletjenesten.no\/wp-content\/uploads\/2020\/12\/Plakaten-paa-veggen.pdf\" data-type=\"link\" data-id=\"https:\/\/ttt.skoletjenesten.no\/wp-content\/uploads\/2020\/12\/Plakaten-paa-veggen.pdf\" target=\"_blank\" rel=\"noreferrer noopener\">plakaten p\u00e5 veggen<\/a>\u00bb skulle bloggeren, som vernepliktig befal, ha samlet stridsdyktige i nabolaget til motstand. Men han vurderte det slik at Danmark, som NATO-alliert, neppe ville angripe Norge. I ettertid ser det ut til \u00e5 ha v\u00e6rt en riktig vurdering. Slik var det da.<\/p>\n","protected":false},"excerpt":{"rendered":"<p>N\u00e5r Sambandsstatene med president Donald i spissen er i tottene p\u00e5 Danmark om Gr\u00f8nland, et det ikke f\u00f8rste gang NATO-land er i strid. Dette til tross for artikkel 1 i NATO-pakten. Tyrkia og Hellas ble NATO-medlemmer i 1952. Det skjedde til tross for langvarig fiendskap mellom landene, og det har ikke v\u00e6rt helt fredelig senere&hellip; <a class=\"more-link\" href=\"https:\/\/oma.skoletjenesten.no\/?page_id=3824\">Fortsett \u00e5 lese <span class=\"screen-reader-text\">Alliert strid<\/span><\/a><\/p>\n","protected":false},"author":1,"featured_media":0,"parent":0,"menu_order":0,"comment_status":"closed","ping_status":"closed","template":"","meta":{"footnotes":""},"class_list":["post-3824","page","type-page","status-publish","hentry","entry"],"_links":{"self":[{"href":"https:\/\/oma.skoletjenesten.no\/index.php?rest_route=\/wp\/v2\/pages\/3824","targetHints":{"allow":["GET"]}}],"collection":[{"href":"https:\/\/oma.skoletjenesten.no\/index.php?rest_route=\/wp\/v2\/pages"}],"about":[{"href":"https:\/\/oma.skoletjenesten.no\/index.php?rest_route=\/wp\/v2\/types\/page"}],"author":[{"embeddable":true,"href":"https:\/\/oma.skoletjenesten.no\/index.php?rest_route=\/wp\/v2\/users\/1"}],"replies":[{"embeddable":true,"href":"https:\/\/oma.skoletjenesten.no\/index.php?rest_route=%2Fwp%2Fv2%2Fcomments&post=3824"}],"version-history":[{"count":3,"href":"https:\/\/oma.skoletjenesten.no\/index.php?rest_route=\/wp\/v2\/pages\/3824\/revisions"}],"predecessor-version":[{"id":3837,"href":"https:\/\/oma.skoletjenesten.no\/index.php?rest_route=\/wp\/v2\/pages\/3824\/revisions\/3837"}],"wp:attachment":[{"href":"https:\/\/oma.skoletjenesten.no\/index.php?rest_route=%2Fwp%2Fv2%2Fmedia&parent=3824"}],"curies":[{"name":"wp","href":"https:\/\/api.w.org\/{rel}","templated":true}]}}

<p class="has-extra-small-font-size">Når Sambandsstatene med president Donald i spissen er i tottene på Danmark om Grønland, et det ikke første gang NATO-land er i strid. Dette til tross for artikkel 1 i NATO-pakten. Tyrkia og Hellas ble NATO-medlemmer i 1952. Det skjedde til tross for langvarig fiendskap mellom landene, og det har ikke vært helt fredelig senere heller. Og på 1990-tallet trodde bloggeren at Norge kunne være angrepet av Danmark.</p>



<p>Hellas ble selvstendig i 1830 etter et opprør mot Det osmanske riket. Etter nederlag i 1. verdenskrig, der Det osmanske riket var alliert med Tyskland, ble den tyrkiske delen av riket til landet Tyrkia i 1923.</p>


<div class="wp-block-image is-style-twentytwentyone-border">
<figure class="alignright size-large"><a href="https://oma.skoletjenesten.no/wp-content/uploads/2026/01/30_Kypros_OK_Opera-Bilde_2026-01-15_111853_www.google.no_-1.jpg" target="_blank" rel=" noreferrer noopener"><img loading="lazy" decoding="async" width="1024" height="639" src="https://oma.skoletjenesten.no/wp-content/uploads/2026/01/30_Kypros_OK_Opera-Bilde_2026-01-15_111853_www.google.no_-1-1024x639.jpg" alt="" class="wp-image-3830" srcset="https://oma.skoletjenesten.no/wp-content/uploads/2026/01/30_Kypros_OK_Opera-Bilde_2026-01-15_111853_www.google.no_-1-1024x639.jpg 1024w, https://oma.skoletjenesten.no/wp-content/uploads/2026/01/30_Kypros_OK_Opera-Bilde_2026-01-15_111853_www.google.no_-1-300x187.jpg 300w, https://oma.skoletjenesten.no/wp-content/uploads/2026/01/30_Kypros_OK_Opera-Bilde_2026-01-15_111853_www.google.no_-1-768x480.jpg 768w, https://oma.skoletjenesten.no/wp-content/uploads/2026/01/30_Kypros_OK_Opera-Bilde_2026-01-15_111853_www.google.no_-1.jpg 1206w" sizes="auto, (max-width: 1024px) 100vw, 1024px" /></a><figcaption class="wp-element-caption">Klikk for større kart.</figcaption></figure>
</div>


<p>Øya Kypros, som var befolket av både tyrkere og grekere, ble selvstendig stat i 1960. I 1974 invaderte Tyrkia øya. Resultatet ble etter hvert <em>Den tyrkiske republikken Nord-Kypro</em>s, en stat som bare er anerkjent av Tyrkia.</p>



<p>Flere detaljer om Tyrkia og Hellas gjennom historien står i en <a href="https://www.aftenposten.no/historie/i/4o0Qna/100-aar-med-vanskelig-naboskap-mellom-hellas-og-tyrkia" data-type="link" data-id="https://www.aftenposten.no/historie/i/4o0Qna/100-aar-med-vanskelig-naboskap-mellom-hellas-og-tyrkia" target="_blank" rel="noreferrer noopener">Aftenposten-artikkel av Jan-Erik Smilden</a>.</p>


<div class="wp-block-image is-style-twentytwentyone-border">
<figure class="alignright size-large"><a href="http://ttt.skoletjenesten.no/wp-content/uploads/2019/03/Dansk-grunnlovsdag_Danmark_Sandvika_Baerum.jpg" target="_blank" rel=" noreferrer noopener"><img decoding="async" src="http://ttt.skoletjenesten.no/wp-content/uploads/2019/03/Dansk-grunnlovsdag_Danmark_Sandvika_Baerum.jpg" alt=""/></a><figcaption class="wp-element-caption">Dansk feiring uten orlogsflagg. </figcaption></figure>
</div>


<p>Mens NATOs nordkommando lå på Kolsås i Bærum, ble Danmarks nasjonaldag feiret på holmen Danmark i Sandviksbukta – i regi av den danske kontingenten ved nordkommandoen. Ved en av disse feiringene observerte bloggeren at transporten fra Kadettangen til Danmark foregikk med en båt med dansk orlogsflagg. Kunne det være et angrep sjøveien? Etter «<a href="https://ttt.skoletjenesten.no/wp-content/uploads/2020/12/Plakaten-paa-veggen.pdf" data-type="link" data-id="https://ttt.skoletjenesten.no/wp-content/uploads/2020/12/Plakaten-paa-veggen.pdf" target="_blank" rel="noreferrer noopener">plakaten på veggen</a>» skulle bloggeren, som vernepliktig befal, ha samlet stridsdyktige i nabolaget til motstand. Men han vurderte det slik at Danmark, som NATO-alliert, neppe ville angripe Norge. I ettertid ser det ut til å ha vært en riktig vurdering. Slik var det da.</p>

<p>Når Sambandsstatene med president Donald i spissen er i tottene på Danmark om Grønland, et det ikke første gang NATO-land er i strid. Dette til tross for artikkel 1 i NATO-pakten. Tyrkia og Hellas ble NATO-medlemmer i 1952. Det skjedde til tross for langvarig fiendskap mellom landene, og det har ikke vært helt fredelig senere&hellip; <a class="more-link" href="https://oma.skoletjenesten.no/?page_id=3824">Fortsett å lese <span class="screen-reader-text">Alliert strid</span></a></p>
