{"id":3747,"date":"2026-01-07T13:05:12","date_gmt":"2026-01-07T13:05:12","guid":{"rendered":"https:\/\/oma.skoletjenesten.no\/?page_id=3747"},"modified":"2026-01-07T13:05:12","modified_gmt":"2026-01-07T13:05:12","slug":"gronlands-misforstaelse","status":"publish","type":"page","link":"https:\/\/oma.skoletjenesten.no\/?page_id=3747","title":{"rendered":"Gr\u00f8nlands-misforst\u00e5else?"},"content":{"rendered":"\n<p class=\"has-extra-small-font-size\">Kan det tenkes at snakket om president Donald og Gr\u00f8nland bygger p\u00e5 en misforst\u00e5else? Her i Bloggen har jeg tidligere antydet at Donald kanskje ikke vet hvor Gr\u00f8nland ligger, og aksjonen mot Venezuela mener jeg med styrker tanken om en misforst\u00e5else. <\/p>\n\n\n<div class=\"wp-block-image\">\n<figure class=\"alignright size-large\"><a href=\"https:\/\/oma.skoletjenesten.no\/wp-content\/uploads\/2026\/01\/10_De-amerikanske-jomfruoyene-Karibia.png\" target=\"_blank\" rel=\" noreferrer noopener\"><img loading=\"lazy\" decoding=\"async\" width=\"1024\" height=\"465\" src=\"https:\/\/oma.skoletjenesten.no\/wp-content\/uploads\/2026\/01\/10_De-amerikanske-jomfruoyene-Karibia-1024x465.png\" alt=\"\" class=\"wp-image-3749\" srcset=\"https:\/\/oma.skoletjenesten.no\/wp-content\/uploads\/2026\/01\/10_De-amerikanske-jomfruoyene-Karibia-1024x465.png 1024w, https:\/\/oma.skoletjenesten.no\/wp-content\/uploads\/2026\/01\/10_De-amerikanske-jomfruoyene-Karibia-300x136.png 300w, https:\/\/oma.skoletjenesten.no\/wp-content\/uploads\/2026\/01\/10_De-amerikanske-jomfruoyene-Karibia-768x348.png 768w, https:\/\/oma.skoletjenesten.no\/wp-content\/uploads\/2026\/01\/10_De-amerikanske-jomfruoyene-Karibia-1536x697.png 1536w, https:\/\/oma.skoletjenesten.no\/wp-content\/uploads\/2026\/01\/10_De-amerikanske-jomfruoyene-Karibia-1568x711.png 1568w, https:\/\/oma.skoletjenesten.no\/wp-content\/uploads\/2026\/01\/10_De-amerikanske-jomfruoyene-Karibia.png 1662w\" sizes=\"auto, (max-width: 1024px) 100vw, 1024px\" \/><\/a><figcaption class=\"wp-element-caption\">Mexico-gulfen eller Amerika-gulfen? Merket viser De amerikanskr jomfru\u00f8yene. Klikk for st\u00f8rre jart.<\/figcaption><\/figure>\n<\/div>\n\n\n<p>Forrige gang Donald var president, ville han kj\u00f8pe Gr\u00f8nland fra Danmark, trolig p\u00e5 samme m\u00e5te som USA kj\u00f8pte De amerikanske jomfru\u00f8yene i 1917. Vest for De amerikanske jomfru\u00f8yene ligger Puerto Rico, et USA-territorium. Og mellom Puerto Rico og Florida, der president Donald har sin private residens, ligger \u00f8yene Hispaniola og Cuba. Hispaniola er delt i to stater, hvorav Haiti fungerer enda d\u00e5rligere enn Venezuela, mens den dominikanske republikk sikkert kan overtales ved hjelp av ulike midler. Og Cuba kommer jo snart til \u00e5 falle av seg selv, if\u00f8lge president Donald. Da gjenst\u00e5r bare noen f\u00e5 \u00f8ystater f\u00f8r Sambandsstatene behersker hele \u00f8yrekken fra Florida til Venezuela.<\/p>\n\n\n\n<p>Utenfor kysten av Venezuela ligger Cura\u00e7ao, og her tror jeg kanskje misforst\u00e5elsen har oppst\u00e5tt. Cura\u00e7ao er en del av <a href=\"https:\/\/no.wikipedia.org\/wiki\/Kongeriket_Nederlandene\" data-type=\"link\" data-id=\"https:\/\/no.wikipedia.org\/wiki\/Kongeriket_Nederlandene\">kongeriket Nederlandene<\/a>, p\u00e5 samme m\u00e5te som Gr\u00f8nland er en del av kongeriket Danmark. N\u00e5r Donald sier Gr\u00f8nland og mener Cura\u00e7ao, er det neppe noen av hans medarbeidere som tar sjansen p\u00e5 \u00e5 motsi ham (lojalitet g\u00e5r foran fagkunnskap). S\u00e5 jeg tror Danmarks statsminister Frederiksen kan overlate sine \u00f8y-bekymringer til Nederlands statsminister Schoof.<\/p>\n\n\n\n<p>President Donald har allerede omd\u00f8pt Mexico-gulfen til Amerika-gulfen, og med den utviklingen som er skissert ovenfor, kan han gj\u00f8re navnet gjeldende ogs\u00e5 for Det karibiske hav. N\u00e5r planen som antydes ovenfor er helt gjennomf\u00f8rt \u2013 den inneb\u00e6rer nok kontroll over noen mellomamerikanske stater, f. eks. Panama og Mexico \u2013 har Donald kommet et godt stykke p\u00e5 veien mot \u00e5 gj\u00f8re \u00abAmerica great again\u00bb. Det er litt pussig at han ikke vet at landet han er president I, heter <em>USA<\/em>, ikke <em>Amerika<\/em>; men er&#8217;e s\u00e5 n\u00f8ye &#8216;a.<\/p>\n\n\n\n<p>N\u00e5r Cuba faller (hva n\u00e5 Donald mener med det) har USA allerede en milit\u00e6rbase i <a href=\"https:\/\/snl.no\/Guant\u00e1namo_Bay\" data-type=\"link\" data-id=\"https:\/\/snl.no\/Guant\u00e1namo_Bay\" target=\"_blank\" rel=\"noreferrer noopener\">Guantanamo-bukten<\/a> , s\u00e5 det blir lett \u00e5 ta kontroll over \u00f8ya. Jeg er ikke sikker p\u00e5 om Pete Seeger (1919-2014) ville ha stemt p\u00e5 president Donald, men jeg lar ham avslutte her med sangen Guantanamera, som han b\u00e5de fremf\u00f8rer p\u00e5 spansk og forklarer bakgrunnen for:<\/p>\n\n\n\n<figure class=\"wp-block-embed is-type-video is-provider-youtube wp-block-embed-youtube wp-embed-aspect-16-9 wp-has-aspect-ratio\"><div class=\"wp-block-embed__wrapper\">\n<iframe loading=\"lazy\" title=\"Pete Seeger Guantanamera 1963 Lyrics\" width=\"750\" height=\"422\" src=\"https:\/\/www.youtube.com\/embed\/CiQLcoXRxcI?feature=oembed\" frameborder=\"0\" allow=\"accelerometer; autoplay; clipboard-write; encrypted-media; gyroscope; picture-in-picture; web-share\" referrerpolicy=\"strict-origin-when-cross-origin\" allowfullscreen><\/iframe>\n<\/div><\/figure>\n","protected":false},"excerpt":{"rendered":"<p>Kan det tenkes at snakket om president Donald og Gr\u00f8nland bygger p\u00e5 en misforst\u00e5else? Her i Bloggen har jeg tidligere antydet at Donald kanskje ikke vet hvor Gr\u00f8nland ligger, og aksjonen mot Venezuela mener jeg med styrker tanken om en misforst\u00e5else. Forrige gang Donald var president, ville han kj\u00f8pe Gr\u00f8nland fra Danmark, trolig p\u00e5 samme&hellip; <a class=\"more-link\" href=\"https:\/\/oma.skoletjenesten.no\/?page_id=3747\">Fortsett \u00e5 lese <span class=\"screen-reader-text\">Gr\u00f8nlands-misforst\u00e5else?<\/span><\/a><\/p>\n","protected":false},"author":1,"featured_media":0,"parent":0,"menu_order":0,"comment_status":"closed","ping_status":"closed","template":"","meta":{"footnotes":""},"class_list":["post-3747","page","type-page","status-publish","hentry","entry"],"_links":{"self":[{"href":"https:\/\/oma.skoletjenesten.no\/index.php?rest_route=\/wp\/v2\/pages\/3747","targetHints":{"allow":["GET"]}}],"collection":[{"href":"https:\/\/oma.skoletjenesten.no\/index.php?rest_route=\/wp\/v2\/pages"}],"about":[{"href":"https:\/\/oma.skoletjenesten.no\/index.php?rest_route=\/wp\/v2\/types\/page"}],"author":[{"embeddable":true,"href":"https:\/\/oma.skoletjenesten.no\/index.php?rest_route=\/wp\/v2\/users\/1"}],"replies":[{"embeddable":true,"href":"https:\/\/oma.skoletjenesten.no\/index.php?rest_route=%2Fwp%2Fv2%2Fcomments&post=3747"}],"version-history":[{"count":3,"href":"https:\/\/oma.skoletjenesten.no\/index.php?rest_route=\/wp\/v2\/pages\/3747\/revisions"}],"predecessor-version":[{"id":3751,"href":"https:\/\/oma.skoletjenesten.no\/index.php?rest_route=\/wp\/v2\/pages\/3747\/revisions\/3751"}],"wp:attachment":[{"href":"https:\/\/oma.skoletjenesten.no\/index.php?rest_route=%2Fwp%2Fv2%2Fmedia&parent=3747"}],"curies":[{"name":"wp","href":"https:\/\/api.w.org\/{rel}","templated":true}]}}

Grønlands-misforståelse?

<p class="has-extra-small-font-size">Kan det tenkes at snakket om president Donald og Grønland bygger på en misforståelse? Her i Bloggen har jeg tidligere antydet at Donald kanskje ikke vet hvor Grønland ligger, og aksjonen mot Venezuela mener jeg med styrker tanken om en misforståelse. </p>


<div class="wp-block-image">
<figure class="alignright size-large"><a href="https://oma.skoletjenesten.no/wp-content/uploads/2026/01/10_De-amerikanske-jomfruoyene-Karibia.png" target="_blank" rel=" noreferrer noopener"><img loading="lazy" decoding="async" width="1024" height="465" src="https://oma.skoletjenesten.no/wp-content/uploads/2026/01/10_De-amerikanske-jomfruoyene-Karibia-1024x465.png" alt="" class="wp-image-3749" srcset="https://oma.skoletjenesten.no/wp-content/uploads/2026/01/10_De-amerikanske-jomfruoyene-Karibia-1024x465.png 1024w, https://oma.skoletjenesten.no/wp-content/uploads/2026/01/10_De-amerikanske-jomfruoyene-Karibia-300x136.png 300w, https://oma.skoletjenesten.no/wp-content/uploads/2026/01/10_De-amerikanske-jomfruoyene-Karibia-768x348.png 768w, https://oma.skoletjenesten.no/wp-content/uploads/2026/01/10_De-amerikanske-jomfruoyene-Karibia-1536x697.png 1536w, https://oma.skoletjenesten.no/wp-content/uploads/2026/01/10_De-amerikanske-jomfruoyene-Karibia-1568x711.png 1568w, https://oma.skoletjenesten.no/wp-content/uploads/2026/01/10_De-amerikanske-jomfruoyene-Karibia.png 1662w" sizes="auto, (max-width: 1024px) 100vw, 1024px" /></a><figcaption class="wp-element-caption">Mexico-gulfen eller Amerika-gulfen? Merket viser De amerikanskr jomfruøyene. Klikk for større jart.</figcaption></figure>
</div>


<p>Forrige gang Donald var president, ville han kjøpe Grønland fra Danmark, trolig på samme måte som USA kjøpte De amerikanske jomfruøyene i 1917. Vest for De amerikanske jomfruøyene ligger Puerto Rico, et USA-territorium. Og mellom Puerto Rico og Florida, der president Donald har sin private residens, ligger øyene Hispaniola og Cuba. Hispaniola er delt i to stater, hvorav Haiti fungerer enda dårligere enn Venezuela, mens den dominikanske republikk sikkert kan overtales ved hjelp av ulike midler. Og Cuba kommer jo snart til å falle av seg selv, ifølge president Donald. Da gjenstår bare noen få øystater før Sambandsstatene behersker hele øyrekken fra Florida til Venezuela.</p>



<p>Utenfor kysten av Venezuela ligger Curaçao, og her tror jeg kanskje misforståelsen har oppstått. Curaçao er en del av <a href="https://no.wikipedia.org/wiki/Kongeriket_Nederlandene" data-type="link" data-id="https://no.wikipedia.org/wiki/Kongeriket_Nederlandene">kongeriket Nederlandene</a>, på samme måte som Grønland er en del av kongeriket Danmark. Når Donald sier Grønland og mener Curaçao, er det neppe noen av hans medarbeidere som tar sjansen på å motsi ham (lojalitet går foran fagkunnskap). Så jeg tror Danmarks statsminister Frederiksen kan overlate sine øy-bekymringer til Nederlands statsminister Schoof.</p>



<p>President Donald har allerede omdøpt Mexico-gulfen til Amerika-gulfen, og med den utviklingen som er skissert ovenfor, kan han gjøre navnet gjeldende også for Det karibiske hav. Når planen som antydes ovenfor er helt gjennomført – den innebærer nok kontroll over noen mellomamerikanske stater, f. eks. Panama og Mexico – har Donald kommet et godt stykke på veien mot å gjøre «America great again». Det er litt pussig at han ikke vet at landet han er president I, heter <em>USA</em>, ikke <em>Amerika</em>; men er&#8217;e så nøye &#8216;a.</p>



<p>Når Cuba faller (hva nå Donald mener med det) har USA allerede en militærbase i <a href="https://snl.no/Guantánamo_Bay" data-type="link" data-id="https://snl.no/Guantánamo_Bay" target="_blank" rel="noreferrer noopener">Guantanamo-bukten</a> , så det blir lett å ta kontroll over øya. Jeg er ikke sikker på om Pete Seeger (1919-2014) ville ha stemt på president Donald, men jeg lar ham avslutte her med sangen Guantanamera, som han både fremfører på spansk og forklarer bakgrunnen for:</p>



<figure class="wp-block-embed is-type-video is-provider-youtube wp-block-embed-youtube wp-embed-aspect-16-9 wp-has-aspect-ratio"><div class="wp-block-embed__wrapper">
<iframe loading="lazy" title="Pete Seeger Guantanamera 1963 Lyrics" width="750" height="422" src="https://www.youtube.com/embed/CiQLcoXRxcI?feature=oembed" frameborder="0" allow="accelerometer; autoplay; clipboard-write; encrypted-media; gyroscope; picture-in-picture; web-share" referrerpolicy="strict-origin-when-cross-origin" allowfullscreen></iframe>
</div></figure>

<p>Kan det tenkes at snakket om president Donald og Grønland bygger på en misforståelse? Her i Bloggen har jeg tidligere antydet at Donald kanskje ikke vet hvor Grønland ligger, og aksjonen mot Venezuela mener jeg med styrker tanken om en misforståelse. Forrige gang Donald var president, ville han kjøpe Grønland fra Danmark, trolig på samme&hellip; <a class="more-link" href="https://oma.skoletjenesten.no/?page_id=3747">Fortsett å lese <span class="screen-reader-text">Grønlands-misforståelse?</span></a></p>
