{"id":3134,"date":"2025-10-22T14:49:21","date_gmt":"2025-10-22T14:49:21","guid":{"rendered":"https:\/\/oma.skoletjenesten.no\/?page_id=3134"},"modified":"2025-10-22T14:56:38","modified_gmt":"2025-10-22T14:56:38","slug":"dansen-pa-sunnano","status":"publish","type":"page","link":"https:\/\/oma.skoletjenesten.no\/?page_id=3134","title":{"rendered":"Dansen p\u00e5 Sunnan\u00f6"},"content":{"rendered":"\n<p>D\u00e4r g\u00e5r en dans p\u00e5 Sunnan\u00f6, d\u00e4r dansar R\u00f6nnerdahl<br>Med lilla Eva Liljeb\u00e4ck p\u00e5 pensionatets bal.<br>Och genom f\u00f6nstren str\u00f6mmar in fr\u00e5n sommarnatten sval<br>:\/: Doft av syrener och jasmin i pensionatets sal. :\/:<\/p>\n\n\n\n<p>Och lilla Evas arm \u00e4r rund och fr\u00e4knig hennes hy,<br>Och r\u00f6d som smultron hennes mun, och kl\u00e4nningen \u00e4r ny.<br>\u00abHerr R\u00f6nnerdahl, det \u00e4r ju Ni som tar vem Ni vill ha<br>:\/: Bland alla kvinnor jorden runt, det har jag h\u00f6rt haha.\u00bb :\/:<\/p>\n\n\n\n<p>\u00abAtt ta \u00e4r inte min musik, nej, fr\u00f6ken, men att ge.<br>Jag sl\u00f6sar men \u00e4r \u00e4nd\u00e5 rik s\u00e5 l\u00e4nge jag kan se.\u00bb<br>\u00abVad ser Ni d\u00e5, herr R\u00f6nnerdahl, kanske min nya kjol?\u00bb<br>:\/: \u00abJa, den och kanske n\u00e5got mer. Ta hit en bra fiol.\u00bb :\/:<\/p>\n\n\n\n<p>Det g\u00e5r en dans p\u00e5 Sunnan\u00f6 till R\u00f6nnerdahls fiol.<br>D\u00e4r dansar v\u00e5gor, dansar vind och sn\u00f6n som f\u00f6ll i fjol.<br>Den virvlar d\u00e4r, d\u00e4r g\u00e5r ett brus igenom park och sal.<br>:\/: Och sommarmorgonen st\u00e5r ljus och s\u00f6derg\u00f6ken gal. :\/:<\/p>\n\n\n\n<p>Och lilla Eva dansar ut med f\u00e4nrik Rosenberg,<br>Och inga fr\u00e4knar syns p\u00e5 hyn s\u00e5 r\u00f6d \u00e4r hennes f\u00e4rg.<br>Men R\u00f6nnerdahl \u00e4r blek och sk\u00f6n och spelar som en gud,<br>:\/: Och sv\u00e4var i en h\u00f6gre rymd d\u00e4r Eva \u00e4r hans brud. :\/:<\/p>\n\n\n\n<p>(Evert Taube)<\/p>\n","protected":false},"excerpt":{"rendered":"<p>D\u00e4r g\u00e5r en dans p\u00e5 Sunnan\u00f6, d\u00e4r dansar R\u00f6nnerdahlMed lilla Eva Liljeb\u00e4ck p\u00e5 pensionatets bal.Och genom f\u00f6nstren str\u00f6mmar in fr\u00e5n sommarnatten sval:\/: Doft av syrener och jasmin i pensionatets sal. :\/: Och lilla Evas arm \u00e4r rund och fr\u00e4knig hennes hy,Och r\u00f6d som smultron hennes mun, och kl\u00e4nningen \u00e4r ny.\u00abHerr R\u00f6nnerdahl, det \u00e4r ju Ni&hellip; <a class=\"more-link\" href=\"https:\/\/oma.skoletjenesten.no\/?page_id=3134\">Fortsett \u00e5 lese <span class=\"screen-reader-text\">Dansen p\u00e5 Sunnan\u00f6<\/span><\/a><\/p>\n","protected":false},"author":1,"featured_media":0,"parent":0,"menu_order":0,"comment_status":"closed","ping_status":"closed","template":"","meta":{"footnotes":""},"class_list":["post-3134","page","type-page","status-publish","hentry","entry"],"_links":{"self":[{"href":"https:\/\/oma.skoletjenesten.no\/index.php?rest_route=\/wp\/v2\/pages\/3134","targetHints":{"allow":["GET"]}}],"collection":[{"href":"https:\/\/oma.skoletjenesten.no\/index.php?rest_route=\/wp\/v2\/pages"}],"about":[{"href":"https:\/\/oma.skoletjenesten.no\/index.php?rest_route=\/wp\/v2\/types\/page"}],"author":[{"embeddable":true,"href":"https:\/\/oma.skoletjenesten.no\/index.php?rest_route=\/wp\/v2\/users\/1"}],"replies":[{"embeddable":true,"href":"https:\/\/oma.skoletjenesten.no\/index.php?rest_route=%2Fwp%2Fv2%2Fcomments&post=3134"}],"version-history":[{"count":2,"href":"https:\/\/oma.skoletjenesten.no\/index.php?rest_route=\/wp\/v2\/pages\/3134\/revisions"}],"predecessor-version":[{"id":3137,"href":"https:\/\/oma.skoletjenesten.no\/index.php?rest_route=\/wp\/v2\/pages\/3134\/revisions\/3137"}],"wp:attachment":[{"href":"https:\/\/oma.skoletjenesten.no\/index.php?rest_route=%2Fwp%2Fv2%2Fmedia&parent=3134"}],"curies":[{"name":"wp","href":"https:\/\/api.w.org\/{rel}","templated":true}]}}