{"id":2631,"date":"2025-08-06T16:38:29","date_gmt":"2025-08-06T16:38:29","guid":{"rendered":"https:\/\/oma.skoletjenesten.no\/?page_id=2631"},"modified":"2025-08-06T16:38:29","modified_gmt":"2025-08-06T16:38:29","slug":"da-niern-var-ny","status":"publish","type":"page","link":"https:\/\/oma.skoletjenesten.no\/?page_id=2631","title":{"rendered":"Da nier&#8217;n var ny"},"content":{"rendered":"\n<p class=\"has-large-font-size\"><strong><em>Forord<\/em><\/strong><\/p>\n\n\n\n<p><br>\u201cDet er \u201cNier\u2019n\u201d,\u201d sa far ved vinduet med utsikt over Sandviksbukta. Og s\u00e5, med kikkerten rettet mot styrhuset p\u00e5 b\u00e5ten: \u201cDet er Kristian som st\u00e5r til rors!\u201d. Dette var pinseaften 1967, og far var medvirkende til at \u201cOslo IX\u201d var p\u00e5 vei inn mot kaien p\u00e5 Kadettangen i Sandvika. Den skulle hente speidertroppen jeg var med i, som hadde m\u00e5ttet flytte pinseleiren til Bor\u00f8ya fordi det fortsatt l\u00e5 sne p\u00e5 det planlagte leirstedet i Vestmarka. S\u00e5 tidlig i sesongen var b\u00e5ttransporten det store problemet, inntil far sa: \u201cRing Oslo-Fergene.\u201d Det l\u00f8ste saken.<\/p>\n\n\n\n<p>34 \u00e5r tidligere hadde Oslo-Fergene v\u00e6rt fars f\u00f8rste arbeidsplass i Oslo. Senere ble han kj\u00f8pmann, men opplevelser fra arbeid og fritid i seks av \u201cde harde tretti\u00e5ra\u201d var utgangspunktet for hans yrkesliv.<\/p>\n\n\n\n<p>I 1998 ba jeg far skrive ned litt om hvordan han fant p\u00e5 \u00e5 bli kj\u00f8pmann. Han lurte p\u00e5 om det kunne v\u00e6re noe s\u00e6rlig interessant, men brukte \u201coppgaven\u201d som en m\u00e5te \u00e5 l\u00e6re seg tekstbehandling p\u00e5 (85 \u00e5r gammel!). Resultatet ble en fortelling om oppvekst p\u00e5 Oma i Strandebarm, om arbeid og arbeidss\u00f8king p\u00e5 1930-tallet, og om virksomhet som kj\u00f8pmann f\u00f8r, under og etter siste verdenskrig.<\/p>\n\n\n\n<p>Dette utdraget om tiden ved Oslo-Fergene er fars tekst med noen f\u00e5<br>moderniseringer av spr\u00e5ket. Jeg har tilf\u00f8yd noen avsnitt (gjengitt i kursiv) om ting han har fortalt om, men ikke hadde skrevet ned. Dette har jeg lest for ham n\u00e5 og har f\u00e5tt bekreftet at innholdet er riktig. Dessuten har jeg lagt til noen forklarende fotnoter. Alle bildene er hentet fra fars og familiens fotoalbum, og bildetekstene er laget i samarbeid med far.<\/p>\n\n\n\n<p>Sandvika, februar 2005<br>Torgeir Oma<\/p>\n\n\n\n<div class=\"wp-block-buttons is-layout-flex wp-block-buttons-is-layout-flex\">\n<div class=\"wp-block-button\"><a class=\"wp-block-button__link wp-element-button\" href=\"http:\/\/ttt.skoletjenesten.no\/wp-content\/uploads\/2025\/07\/Da-niern-var-ny.odt_OK-Passord-OK.pdf\" target=\"_blank\" rel=\"noreferrer noopener\">Mer &#8230;  (krever passord)<\/a><\/div>\n<\/div>\n\n\n\n<p><\/p>\n","protected":false},"excerpt":{"rendered":"<p>Forord \u201cDet er \u201cNier\u2019n\u201d,\u201d sa far ved vinduet med utsikt over Sandviksbukta. Og s\u00e5, med kikkerten rettet mot styrhuset p\u00e5 b\u00e5ten: \u201cDet er Kristian som st\u00e5r til rors!\u201d. Dette var pinseaften 1967, og far var medvirkende til at \u201cOslo IX\u201d var p\u00e5 vei inn mot kaien p\u00e5 Kadettangen i Sandvika. Den skulle hente speidertroppen jeg&hellip; <a class=\"more-link\" href=\"https:\/\/oma.skoletjenesten.no\/?page_id=2631\">Fortsett \u00e5 lese <span class=\"screen-reader-text\">Da nier&#8217;n var ny<\/span><\/a><\/p>\n","protected":false},"author":1,"featured_media":0,"parent":0,"menu_order":0,"comment_status":"closed","ping_status":"closed","template":"","meta":{"footnotes":""},"class_list":["post-2631","page","type-page","status-publish","hentry","entry"],"_links":{"self":[{"href":"https:\/\/oma.skoletjenesten.no\/index.php?rest_route=\/wp\/v2\/pages\/2631","targetHints":{"allow":["GET"]}}],"collection":[{"href":"https:\/\/oma.skoletjenesten.no\/index.php?rest_route=\/wp\/v2\/pages"}],"about":[{"href":"https:\/\/oma.skoletjenesten.no\/index.php?rest_route=\/wp\/v2\/types\/page"}],"author":[{"embeddable":true,"href":"https:\/\/oma.skoletjenesten.no\/index.php?rest_route=\/wp\/v2\/users\/1"}],"replies":[{"embeddable":true,"href":"https:\/\/oma.skoletjenesten.no\/index.php?rest_route=%2Fwp%2Fv2%2Fcomments&post=2631"}],"version-history":[{"count":2,"href":"https:\/\/oma.skoletjenesten.no\/index.php?rest_route=\/wp\/v2\/pages\/2631\/revisions"}],"predecessor-version":[{"id":2644,"href":"https:\/\/oma.skoletjenesten.no\/index.php?rest_route=\/wp\/v2\/pages\/2631\/revisions\/2644"}],"wp:attachment":[{"href":"https:\/\/oma.skoletjenesten.no\/index.php?rest_route=%2Fwp%2Fv2%2Fmedia&parent=2631"}],"curies":[{"name":"wp","href":"https:\/\/api.w.org\/{rel}","templated":true}]}}