{"id":2072,"date":"2025-05-15T14:53:11","date_gmt":"2025-05-15T14:53:11","guid":{"rendered":"https:\/\/oma.skoletjenesten.no\/?page_id=2072"},"modified":"2026-01-05T15:04:40","modified_gmt":"2026-01-05T15:04:40","slug":"eef-lenker","status":"publish","type":"page","link":"https:\/\/oma.skoletjenesten.no\/?page_id=2072","title":{"rendered":"EEF-lenker"},"content":{"rendered":"<div class=\"wp-block-image\">\n<figure class=\"aligncenter size-full\"><img loading=\"lazy\" decoding=\"async\" width=\"497\" height=\"232\" src=\"https:\/\/oma.skoletjenesten.no\/wp-content\/uploads\/2025\/04\/102_EEFkort_OK.jpg\" alt=\"\" class=\"wp-image-1742\" srcset=\"https:\/\/oma.skoletjenesten.no\/wp-content\/uploads\/2025\/04\/102_EEFkort_OK.jpg 497w, https:\/\/oma.skoletjenesten.no\/wp-content\/uploads\/2025\/04\/102_EEFkort_OK-300x140.jpg 300w\" sizes=\"auto, (max-width: 497px) 100vw, 497px\" \/><\/figure>\n<\/div>\n\n\n<p>Blogginnleggene det er lenket til nedenfor, inneholder praktiske tips til en enklere hverdag for engstelige eldre (klikk p\u00e5 tittelen for \u00e5 \u00e5pne innlegget i nytt vindu). Det er hyggelig om ergoterapeuter eller annet helsepersonell tar tipsene i bruk hos sine \u00abkunder\u00bb. Det er enda hyggeligere hvis de oppgi bloggen som kilde for ideene.<\/p>\n\n\n\n<p><strong><em><a href=\"https:\/\/oma.skoletjenesten.no\/?p=1562\" data-type=\"link\" data-id=\"https:\/\/oma.skoletjenesten.no\/?p=1562\" target=\"_blank\" rel=\"noreferrer noopener\">Engstelige Eldres Forening (07.03.2025)<\/a><\/em><\/strong><\/p>\n\n\n\n<p><strong><em><a href=\"https:\/\/oma.skoletjenesten.no\/?p=1641\/#eef\" data-type=\"link\" data-id=\"https:\/\/oma.skoletjenesten.no\/?p=1641\/#eef\" target=\"_blank\" rel=\"noreferrer noopener\">Virtuell virkelighet 12\/25 \u2013 Vv-8 (21.03.2025)<\/a><\/em><\/strong><\/p>\n\n\n\n<p><strong><em><a href=\"https:\/\/oma.skoletjenesten.no\/?p=1731\" data-type=\"link\" data-id=\"https:\/\/oma.skoletjenesten.no\/?p=1731\" target=\"_blank\" rel=\"noreferrer noopener\">Et valgfag til gjensidig nytte? (04.04.2025)<\/a><\/em><\/strong><\/p>\n\n\n\n<p><em><strong><a href=\"https:\/\/oma.skoletjenesten.no\/?p=1879\" data-type=\"link\" data-id=\"https:\/\/oma.skoletjenesten.no\/?p=1879\" target=\"_blank\" rel=\"noreferrer noopener\">Ideer til engstelige eldre (25.04.20205<\/a>)<\/strong><\/em><\/p>\n\n\n\n<p><strong><em><a href=\"https:\/\/oma.skoletjenesten.no\/?p=1979\" data-type=\"link\" data-id=\"https:\/\/oma.skoletjenesten.no\/?p=1979\" target=\"_blank\" rel=\"noreferrer noopener\">Engstelige Eldres Forening (09.05 2025)<\/a><\/em><\/strong><\/p>\n\n\n\n<p><a href=\"https:\/\/oma.skoletjenesten.no\/?p=2250\" data-type=\"link\" data-id=\"https:\/\/oma.skoletjenesten.no\/?p=2250\" target=\"_blank\" rel=\"noreferrer noopener\"><strong><em>Engstelig kommunikasjon<\/em><\/strong><\/a> (13.06.2025)<br><br><strong><em><a href=\"https:\/\/oma.skoletjenesten.no\/?p=2445\" data-type=\"link\" data-id=\"https:\/\/oma.skoletjenesten.no\/?p=2445\" target=\"_blank\" rel=\"noreferrer noopener\">Trygghetsmobil (11.07.2025)<\/a><\/em><\/strong><br><br><strong><em><a href=\"https:\/\/oma.skoletjenesten.no\/?p=2697\" data-type=\"link\" data-id=\"https:\/\/oma.skoletjenesten.no\/?p=2697\" target=\"_blank\" rel=\"noreferrer noopener\">Hjelpemidler (15.08.2025)<\/a><\/em><\/strong><\/p>\n\n\n\n<p><strong><em><a href=\"https:\/\/oma.skoletjenesten.no\/?p=3683\/#Vv-260104-1\" data-type=\"link\" data-id=\"https:\/\/oma.skoletjenesten.no\/?p=3683\/#Vv-260104-1\">Vv-260104-1: EEF (04.01.2026)<\/a><\/em><\/strong><\/p>\n\n\n\n<hr class=\"wp-block-separator has-alpha-channel-opacity\"\/>\n\n\n\n<p>Listen er oppdatert 16. mai 2025.<\/p>\n\n\n\n<p><\/p>\n","protected":false},"excerpt":{"rendered":"<p>Blogginnleggene det er lenket til nedenfor, inneholder praktiske tips til en enklere hverdag for engstelige eldre (klikk p\u00e5 tittelen for \u00e5 \u00e5pne innlegget i nytt vindu). Det er hyggelig om ergoterapeuter eller annet helsepersonell tar tipsene i bruk hos sine \u00abkunder\u00bb. Det er enda hyggeligere hvis de oppgi bloggen som kilde for ideene. Engstelige Eldres&hellip; <a class=\"more-link\" href=\"https:\/\/oma.skoletjenesten.no\/?page_id=2072\">Fortsett \u00e5 lese <span class=\"screen-reader-text\">EEF-lenker<\/span><\/a><\/p>\n","protected":false},"author":1,"featured_media":0,"parent":0,"menu_order":0,"comment_status":"closed","ping_status":"closed","template":"","meta":{"footnotes":""},"class_list":["post-2072","page","type-page","status-publish","hentry","entry"],"_links":{"self":[{"href":"https:\/\/oma.skoletjenesten.no\/index.php?rest_route=\/wp\/v2\/pages\/2072","targetHints":{"allow":["GET"]}}],"collection":[{"href":"https:\/\/oma.skoletjenesten.no\/index.php?rest_route=\/wp\/v2\/pages"}],"about":[{"href":"https:\/\/oma.skoletjenesten.no\/index.php?rest_route=\/wp\/v2\/types\/page"}],"author":[{"embeddable":true,"href":"https:\/\/oma.skoletjenesten.no\/index.php?rest_route=\/wp\/v2\/users\/1"}],"replies":[{"embeddable":true,"href":"https:\/\/oma.skoletjenesten.no\/index.php?rest_route=%2Fwp%2Fv2%2Fcomments&post=2072"}],"version-history":[{"count":7,"href":"https:\/\/oma.skoletjenesten.no\/index.php?rest_route=\/wp\/v2\/pages\/2072\/revisions"}],"predecessor-version":[{"id":3729,"href":"https:\/\/oma.skoletjenesten.no\/index.php?rest_route=\/wp\/v2\/pages\/2072\/revisions\/3729"}],"wp:attachment":[{"href":"https:\/\/oma.skoletjenesten.no\/index.php?rest_route=%2Fwp%2Fv2%2Fmedia&parent=2072"}],"curies":[{"name":"wp","href":"https:\/\/api.w.org\/{rel}","templated":true}]}}