{"id":1934,"date":"2025-04-30T12:56:20","date_gmt":"2025-04-30T12:56:20","guid":{"rendered":"https:\/\/oma.skoletjenesten.no\/?page_id=1934"},"modified":"2025-04-30T12:56:20","modified_gmt":"2025-04-30T12:56:20","slug":"valgrad-2021-i-bloggen","status":"publish","type":"page","link":"https:\/\/oma.skoletjenesten.no\/?page_id=1934","title":{"rendered":"Valgr\u00e5d 2021 i  bloggen"},"content":{"rendered":"\n<p>02.04.2021<br><a href=\"https:\/\/ttt.skoletjenesten.no\/valgar\/\" data-type=\"link\" data-id=\"https:\/\/ttt.skoletjenesten.no\/valgar\/\" target=\"_blank\" rel=\"noreferrer noopener\">Valg\u00e5r<\/a><br><\/p>\n\n\n\n<p>13.08.2021<br><a href=\"https:\/\/ttt.skoletjenesten.no\/valg-om-en-maned-statsministerkandidatene\/\" data-type=\"link\" data-id=\"https:\/\/ttt.skoletjenesten.no\/valg-om-en-maned-statsministerkandidatene\/\" target=\"_blank\" rel=\"noreferrer noopener\">Valg om en m\u00e5ned: statsministerkandidatene<\/a><br><\/p>\n\n\n\n<p>03.09.2021<br><a href=\"https:\/\/ttt.skoletjenesten.no\/tenkehjelp-for-valget\/\" data-type=\"link\" data-id=\"https:\/\/ttt.skoletjenesten.no\/tenkehjelp-for-valget\/\" target=\"_blank\" rel=\"noreferrer noopener\">Tenkehjelp f\u00f8r valget<\/a><br><\/p>\n\n\n\n<p>10.09.2021<br><a href=\"https:\/\/ttt.skoletjenesten.no\/tre-dager-til-stortingsvalget\/\" data-type=\"link\" data-id=\"https:\/\/ttt.skoletjenesten.no\/tre-dager-til-stortingsvalget\/\" target=\"_blank\" rel=\"noreferrer noopener\">Tre dager til stortingsvalget<\/a><br><\/p>\n\n\n\n<p><\/p>\n","protected":false},"excerpt":{"rendered":"<p>02.04.2021Valg\u00e5r 13.08.2021Valg om en m\u00e5ned: statsministerkandidatene 03.09.2021Tenkehjelp f\u00f8r valget 10.09.2021Tre dager til stortingsvalget<\/p>\n","protected":false},"author":1,"featured_media":0,"parent":0,"menu_order":0,"comment_status":"closed","ping_status":"closed","template":"","meta":{"footnotes":""},"class_list":["post-1934","page","type-page","status-publish","hentry","entry"],"_links":{"self":[{"href":"https:\/\/oma.skoletjenesten.no\/index.php?rest_route=\/wp\/v2\/pages\/1934","targetHints":{"allow":["GET"]}}],"collection":[{"href":"https:\/\/oma.skoletjenesten.no\/index.php?rest_route=\/wp\/v2\/pages"}],"about":[{"href":"https:\/\/oma.skoletjenesten.no\/index.php?rest_route=\/wp\/v2\/types\/page"}],"author":[{"embeddable":true,"href":"https:\/\/oma.skoletjenesten.no\/index.php?rest_route=\/wp\/v2\/users\/1"}],"replies":[{"embeddable":true,"href":"https:\/\/oma.skoletjenesten.no\/index.php?rest_route=%2Fwp%2Fv2%2Fcomments&post=1934"}],"version-history":[{"count":1,"href":"https:\/\/oma.skoletjenesten.no\/index.php?rest_route=\/wp\/v2\/pages\/1934\/revisions"}],"predecessor-version":[{"id":1935,"href":"https:\/\/oma.skoletjenesten.no\/index.php?rest_route=\/wp\/v2\/pages\/1934\/revisions\/1935"}],"wp:attachment":[{"href":"https:\/\/oma.skoletjenesten.no\/index.php?rest_route=%2Fwp%2Fv2%2Fmedia&parent=1934"}],"curies":[{"name":"wp","href":"https:\/\/api.w.org\/{rel}","templated":true}]}}