{"id":1024,"date":"2024-12-17T22:27:58","date_gmt":"2024-12-17T22:27:58","guid":{"rendered":"https:\/\/oma.skoletjenesten.no\/?page_id=1024"},"modified":"2024-12-17T22:27:58","modified_gmt":"2024-12-17T22:27:58","slug":"vaino-linna-under-polarstjernen","status":"publish","type":"page","link":"https:\/\/oma.skoletjenesten.no\/?page_id=1024","title":{"rendered":"V\u00e4in\u00f6 Linna: Under polarstjernen"},"content":{"rendered":"\n<p>Bokserien Under polarstjernen av  den finske forfatteren <a href=\"https:\/\/snl.no\/V\u00e4in\u00f6_Linna\" target=\"_blank\" rel=\"noreferrer noopener\">V\u00e4in\u00f6 Linna<\/a> (1920-1992) er tilgjengelig i Nasjonalbibliotekets nettbibliotek  (desember 2024). Lenkene nedenfor st\u00e5r i samme rekkef\u00f8lge som b\u00f8kene er omtalt i p\u00e5 innbretten av omslaget  (nedenfor til h\u00f8yre). Lenkene \u00e5pner seg i egne vinduer.<\/p>\n\n\n<div class=\"wp-block-image\">\n<figure class=\"alignright size-full\"><img loading=\"lazy\" decoding=\"async\" width=\"407\" height=\"834\" src=\"https:\/\/oma.skoletjenesten.no\/wp-content\/uploads\/2024\/12\/Linna_Opera-Bilde_2024-12-17_114429_www.nb_.no_.png\" alt=\"\" class=\"wp-image-1027\" srcset=\"https:\/\/oma.skoletjenesten.no\/wp-content\/uploads\/2024\/12\/Linna_Opera-Bilde_2024-12-17_114429_www.nb_.no_.png 407w, https:\/\/oma.skoletjenesten.no\/wp-content\/uploads\/2024\/12\/Linna_Opera-Bilde_2024-12-17_114429_www.nb_.no_-146x300.png 146w\" sizes=\"auto, (max-width: 407px) 100vw, 407px\" \/><\/figure>\n<\/div>\n\n\n<p>.<\/p>\n\n\n\n<p><a href=\"https:\/\/www.nb.no\/items\/be826f678c6e71eba665c1b5a03e8405?page=5\" data-type=\"link\" data-id=\"https:\/\/www.nb.no\/items\/be826f678c6e71eba665c1b5a03e8405?page=5\" target=\"_blank\" rel=\"noreferrer noopener\">H\u00f8yt mot nord 1<\/a><br><a href=\"https:\/\/www.nb.no\/items\/7394391ebdfb48ff501c44f4f6232f51?page=5\" data-type=\"link\" data-id=\"https:\/\/www.nb.no\/items\/7394391ebdfb48ff501c44f4f6232f51?page=5\" target=\"_blank\" rel=\"noreferrer noopener\">H\u00f8yt mot nord 2<\/a><\/p>\n\n\n\n<p>.<\/p>\n\n\n\n<p><a href=\"https:\/\/www.nb.no\/items\/148dbe38a97d0ed9bbf8cc97a2f3a082?page=5\" data-type=\"link\" data-id=\"https:\/\/www.nb.no\/items\/148dbe38a97d0ed9bbf8cc97a2f3a082?page=5\" target=\"_blank\" rel=\"noreferrer noopener\">Oppr\u00f8r 1<\/a><br><a href=\"https:\/\/www.nb.no\/items\/67f53bd936df2036e3d471420d0f2e98?page=5\" data-type=\"link\" data-id=\"https:\/\/www.nb.no\/items\/67f53bd936df2036e3d471420d0f2e98?page=5\" target=\"_blank\" rel=\"noreferrer noopener\">Oppr\u00f8r 2<\/a><\/p>\n\n\n\n<p><a href=\"https:\/\/www.nb.no\/items\/e933d79b64a52c836c9314fec243bb2d?page=5\" data-type=\"link\" data-id=\"https:\/\/www.nb.no\/items\/e933d79b64a52c836c9314fec243bb2d?page=5\" target=\"_blank\" rel=\"noreferrer noopener\">S\u00f8nner av et folk 1<\/a><br><a href=\"https:\/\/www.nb.no\/items\/2cdd222458cfb70354401e8dbbbe7caa?page=4\" data-type=\"link\" data-id=\"https:\/\/www.nb.no\/items\/2cdd222458cfb70354401e8dbbbe7caa?page=4\" target=\"_blank\" rel=\"noreferrer noopener\">S\u00f8nner av et folk 2<\/a><br><\/p>\n\n\n\n<p><a href=\"https:\/\/www.nb.no\/items\/3ba7b0b56fb538d4fcbad7fc206e8422?page=6\" data-type=\"link\" data-id=\"https:\/\/www.nb.no\/items\/3ba7b0b56fb538d4fcbad7fc206e8422?page=6\" target=\"_blank\" rel=\"noreferrer noopener\">Ukjent soldat 1<\/a><br><a href=\"https:\/\/www.nb.no\/items\/ea8fd809a7f8659b8020eeeeecae99ec?page=5\" data-type=\"link\" data-id=\"https:\/\/www.nb.no\/items\/ea8fd809a7f8659b8020eeeeecae99ec?page=5\" target=\"_blank\" rel=\"noreferrer noopener\">Ukjent soldat 2<\/a><\/p>\n","protected":false},"excerpt":{"rendered":"<p>Bokserien Under polarstjernen av den finske forfatteren V\u00e4in\u00f6 Linna (1920-1992) er tilgjengelig i Nasjonalbibliotekets nettbibliotek (desember 2024). Lenkene nedenfor st\u00e5r i samme rekkef\u00f8lge som b\u00f8kene er omtalt i p\u00e5 innbretten av omslaget (nedenfor til h\u00f8yre). Lenkene \u00e5pner seg i egne vinduer. . H\u00f8yt mot nord 1H\u00f8yt mot nord 2 . Oppr\u00f8r 1Oppr\u00f8r 2 S\u00f8nner av&hellip; <a class=\"more-link\" href=\"https:\/\/oma.skoletjenesten.no\/?page_id=1024\">Fortsett \u00e5 lese <span class=\"screen-reader-text\">V\u00e4in\u00f6 Linna: Under polarstjernen<\/span><\/a><\/p>\n","protected":false},"author":1,"featured_media":0,"parent":0,"menu_order":0,"comment_status":"closed","ping_status":"closed","template":"","meta":{"footnotes":""},"class_list":["post-1024","page","type-page","status-publish","hentry","entry"],"_links":{"self":[{"href":"https:\/\/oma.skoletjenesten.no\/index.php?rest_route=\/wp\/v2\/pages\/1024","targetHints":{"allow":["GET"]}}],"collection":[{"href":"https:\/\/oma.skoletjenesten.no\/index.php?rest_route=\/wp\/v2\/pages"}],"about":[{"href":"https:\/\/oma.skoletjenesten.no\/index.php?rest_route=\/wp\/v2\/types\/page"}],"author":[{"embeddable":true,"href":"https:\/\/oma.skoletjenesten.no\/index.php?rest_route=\/wp\/v2\/users\/1"}],"replies":[{"embeddable":true,"href":"https:\/\/oma.skoletjenesten.no\/index.php?rest_route=%2Fwp%2Fv2%2Fcomments&post=1024"}],"version-history":[{"count":3,"href":"https:\/\/oma.skoletjenesten.no\/index.php?rest_route=\/wp\/v2\/pages\/1024\/revisions"}],"predecessor-version":[{"id":1028,"href":"https:\/\/oma.skoletjenesten.no\/index.php?rest_route=\/wp\/v2\/pages\/1024\/revisions\/1028"}],"wp:attachment":[{"href":"https:\/\/oma.skoletjenesten.no\/index.php?rest_route=%2Fwp%2Fv2%2Fmedia&parent=1024"}],"curies":[{"name":"wp","href":"https:\/\/api.w.org\/{rel}","templated":true}]}}